{"id":3108,"date":"2025-07-24T11:34:39","date_gmt":"2025-07-24T11:34:39","guid":{"rendered":"https:\/\/www.vector.tn\/?post_type=product&#038;p=3108"},"modified":"2025-12-23T00:00:55","modified_gmt":"2025-12-23T00:00:55","slug":"full-set-3","status":"publish","type":"product","link":"https:\/\/www.vector.tn\/index.php\/product\/full-set-3\/","title":{"rendered":"Costume Cerimoniale"},"content":{"rendered":"<p data-start=\"137\" data-end=\"243\"><strong data-start=\"137\" data-end=\"241\">Costume C\u00e9r\u00e9monial \u2013 \u00c9l\u00e9gance raffin\u00e9e et style intemporel (veste + pantalon ajust\u00e9 + n\u0153ud papillon)<\/strong><\/p>\n<p data-start=\"245\" data-end=\"680\">Affirmez votre charisme avec ce costume c\u00e9r\u00e9monial haut de gamme, con\u00e7u pour les hommes modernes qui recherchent \u00e9l\u00e9gance et distinction. Compos\u00e9 d\u2019une veste chic, d\u2019un pantalon ajust\u00e9 et d\u2019un n\u0153ud papillon raffin\u00e9, cet ensemble est parfait pour les mariages, soir\u00e9es, r\u00e9ceptions ou \u00e9v\u00e9nements professionnels. Son design contemporain, associ\u00e9 \u00e0 une coupe soign\u00e9e, mettra en valeur votre silhouette tout en offrant un confort optimal.<\/p>\n<p data-start=\"682\" data-end=\"706\"><strong data-start=\"682\" data-end=\"704\">Caract\u00e9ristiques :<\/strong><\/p>\n<ul data-start=\"707\" data-end=\"1163\">\n<li data-start=\"707\" data-end=\"778\">\n<p data-start=\"709\" data-end=\"778\"><strong data-start=\"709\" data-end=\"729\">Veste de costume<\/strong> en tissu premium, coupe slim, finition soign\u00e9e<\/p>\n<\/li>\n<li data-start=\"779\" data-end=\"838\">\n<p data-start=\"781\" data-end=\"838\"><strong data-start=\"781\" data-end=\"800\">Pantalon ajust\u00e9<\/strong> pour une allure moderne et \u00e9l\u00e9gante<\/p>\n<\/li>\n<li data-start=\"839\" data-end=\"908\">\n<p data-start=\"841\" data-end=\"908\"><strong data-start=\"841\" data-end=\"866\">N\u0153ud papillon raffin\u00e9<\/strong> inclus pour un style c\u00e9r\u00e9monial complet<\/p>\n<\/li>\n<li data-start=\"909\" data-end=\"969\">\n<p data-start=\"911\" data-end=\"969\">D\u00e9tails chics avec <strong data-start=\"930\" data-end=\"954\">cha\u00eenette d\u00e9corative<\/strong> sur la veste<\/p>\n<\/li>\n<li data-start=\"970\" data-end=\"1028\">\n<p data-start=\"972\" data-end=\"1028\">Tissu de haute qualit\u00e9, respirant et agr\u00e9able \u00e0 porter<\/p>\n<\/li>\n<li data-start=\"1029\" data-end=\"1096\">\n<p data-start=\"1031\" data-end=\"1096\">Convient pour mariages, soir\u00e9es, cocktails et grandes occasions<\/p>\n<\/li>\n<li data-start=\"1097\" data-end=\"1163\">\n<p data-start=\"1099\" data-end=\"1163\"><strong data-start=\"1099\" data-end=\"1134\">Disponible en plusieurs tailles<\/strong> pour un ajustement parfait<\/p>\n<\/li>\n<\/ul>\n","protected":false},"excerpt":{"rendered":"<p data-start=\"137\" data-end=\"243\"><strong data-start=\"137\" data-end=\"241\">Costume C\u00e9r\u00e9monial \u2013 \u00c9l\u00e9gance raffin\u00e9e et style intemporel\u00a0<\/strong><\/p>\n<p data-start=\"245\" data-end=\"680\">Affirmez votre charisme avec ce costume c\u00e9r\u00e9monial haut de gamme, con\u00e7u pour les hommes modernes qui recherchent \u00e9l\u00e9gance et distinction. Compos\u00e9 d\u2019une veste chic, d\u2019un pantalon ajust\u00e9 et d\u2019un n\u0153ud papillon raffin\u00e9, cet ensemble est parfait pour les mariages, soir\u00e9es, r\u00e9ceptions ou \u00e9v\u00e9nements professionnels. Son design contemporain, associ\u00e9 \u00e0 une coupe soign\u00e9e, mettra en valeur votre silhouette tout en offrant un confort optimal.<\/p>\n<p data-start=\"682\" data-end=\"706\"><strong data-start=\"682\" data-end=\"704\">Caract\u00e9ristiques :<\/strong><\/p>\n<ul data-start=\"707\" data-end=\"1163\">\n<li data-start=\"707\" data-end=\"778\">\n<p data-start=\"709\" data-end=\"778\"><strong data-start=\"709\" data-end=\"729\">Veste de costume<\/strong> en tissu premium, coupe slim, finition soign\u00e9e<\/p>\n<\/li>\n<li data-start=\"779\" data-end=\"838\">\n<p data-start=\"781\" data-end=\"838\"><strong data-start=\"781\" data-end=\"800\">Pantalon ajust\u00e9<\/strong> pour une allure moderne et \u00e9l\u00e9gante<\/p>\n<\/li>\n<li data-start=\"839\" data-end=\"908\">\n<p data-start=\"841\" data-end=\"908\"><strong data-start=\"841\" data-end=\"866\">N\u0153ud papillon raffin\u00e9<\/strong> inclus pour un style c\u00e9r\u00e9monial complet<\/p>\n<\/li>\n<li data-start=\"909\" data-end=\"969\">\n<p data-start=\"911\" data-end=\"969\">D\u00e9tails chics avec <strong data-start=\"930\" data-end=\"954\">cha\u00eenette d\u00e9corative<\/strong> sur la veste<\/p>\n<\/li>\n<li data-start=\"970\" data-end=\"1028\">\n<p data-start=\"972\" data-end=\"1028\">Tissu de haute qualit\u00e9, respirant et agr\u00e9able \u00e0 porter<\/p>\n<\/li>\n<li data-start=\"1029\" data-end=\"1096\">\n<p data-start=\"1031\" data-end=\"1096\">Convient pour mariages, soir\u00e9es, cocktails et grandes occasions<\/p>\n<\/li>\n<li data-start=\"1097\" data-end=\"1163\">\n<p data-start=\"1099\" data-end=\"1163\"><strong data-start=\"1099\" data-end=\"1134\">Disponible en plusieurs tailles<\/strong> pour un ajustement parfait<\/p>\n<\/li>\n<\/ul>\n","protected":false},"featured_media":3117,"template":"","meta":[],"product_brand":[],"product_cat":[54],"product_tag":[],"class_list":{"0":"post-3108","1":"product","2":"type-product","3":"status-publish","4":"has-post-thumbnail","6":"product_cat-costume","8":"first","9":"instock","10":"shipping-taxable","11":"purchasable","12":"product-type-simple","13":"layout-style-1","14":"col-md-4 col-sm-4 col-xs-6","15":"col-lg-3","16":"product-has-gallery","17":"product-style-default"},"yoast_head":"<!-- This site is optimized with the Yoast SEO plugin v25.7 - https:\/\/yoast.com\/wordpress\/plugins\/seo\/ -->\n<title>Costume Cerimoniale - Vector<\/title>\n<meta name=\"robots\" content=\"index, follow, max-snippet:-1, max-image-preview:large, max-video-preview:-1\" \/>\n<link rel=\"canonical\" href=\"https:\/\/www.vector.tn\/index.php\/product\/full-set-3\/\" \/>\n<meta property=\"og:locale\" content=\"fr_FR\" \/>\n<meta property=\"og:type\" content=\"article\" \/>\n<meta property=\"og:title\" content=\"Costume Cerimoniale - Vector\" \/>\n<meta property=\"og:description\" content=\"Costume C\u00e9r\u00e9monial \u2013 \u00c9l\u00e9gance raffin\u00e9e et style intemporel\u00a0 Affirmez votre charisme avec ce costume c\u00e9r\u00e9monial haut de gamme, con\u00e7u pour les hommes modernes qui recherchent \u00e9l\u00e9gance et distinction. Compos\u00e9 d\u2019une veste chic, d\u2019un pantalon ajust\u00e9 et d\u2019un n\u0153ud papillon raffin\u00e9, cet ensemble est parfait pour les mariages, soir\u00e9es, r\u00e9ceptions ou \u00e9v\u00e9nements professionnels. Son design contemporain, associ\u00e9 \u00e0 une coupe soign\u00e9e, mettra en valeur votre silhouette tout en offrant un confort optimal. Caract\u00e9ristiques :     Veste de costume en tissu premium, coupe slim, finition soign\u00e9e    Pantalon ajust\u00e9 pour une allure moderne et \u00e9l\u00e9gante    N\u0153ud papillon raffin\u00e9 inclus pour un style c\u00e9r\u00e9monial complet    D\u00e9tails chics avec cha\u00eenette d\u00e9corative sur la veste    Tissu de haute qualit\u00e9, respirant et agr\u00e9able \u00e0 porter    Convient pour mariages, soir\u00e9es, cocktails et grandes occasions    Disponible en plusieurs tailles pour un ajustement parfait\" \/>\n<meta property=\"og:url\" content=\"https:\/\/www.vector.tn\/index.php\/product\/full-set-3\/\" \/>\n<meta property=\"og:site_name\" content=\"Vector\" \/>\n<meta property=\"article:publisher\" content=\"https:\/\/www.facebook.com\/VECTOR.Tunisie\" \/>\n<meta property=\"article:modified_time\" content=\"2025-12-23T00:00:55+00:00\" \/>\n<meta property=\"og:image\" content=\"https:\/\/www.vector.tn\/wp-content\/uploads\/2025\/07\/IMG_1996-Photoroom-scaled.jpg\" \/>\n\t<meta property=\"og:image:width\" content=\"1707\" \/>\n\t<meta property=\"og:image:height\" content=\"2560\" \/>\n\t<meta property=\"og:image:type\" content=\"image\/jpeg\" \/>\n<meta name=\"twitter:card\" content=\"summary_large_image\" \/>\n<meta name=\"twitter:label1\" content=\"Dur\u00e9e de lecture estim\u00e9e\" \/>\n\t<meta name=\"twitter:data1\" content=\"1 minute\" \/>\n<script type=\"application\/ld+json\" class=\"yoast-schema-graph\">{\"@context\":\"https:\/\/schema.org\",\"@graph\":[{\"@type\":\"WebPage\",\"@id\":\"https:\/\/www.vector.tn\/index.php\/product\/full-set-3\/\",\"url\":\"https:\/\/www.vector.tn\/index.php\/product\/full-set-3\/\",\"name\":\"Costume Cerimoniale - Vector\",\"isPartOf\":{\"@id\":\"https:\/\/www.vector.tn\/#website\"},\"primaryImageOfPage\":{\"@id\":\"https:\/\/www.vector.tn\/index.php\/product\/full-set-3\/#primaryimage\"},\"image\":{\"@id\":\"https:\/\/www.vector.tn\/index.php\/product\/full-set-3\/#primaryimage\"},\"thumbnailUrl\":\"https:\/\/www.vector.tn\/wp-content\/uploads\/2025\/07\/IMG_1996-Photoroom-scaled.jpg\",\"datePublished\":\"2025-07-24T11:34:39+00:00\",\"dateModified\":\"2025-12-23T00:00:55+00:00\",\"breadcrumb\":{\"@id\":\"https:\/\/www.vector.tn\/index.php\/product\/full-set-3\/#breadcrumb\"},\"inLanguage\":\"fr-FR\",\"potentialAction\":[{\"@type\":\"ReadAction\",\"target\":[\"https:\/\/www.vector.tn\/index.php\/product\/full-set-3\/\"]}]},{\"@type\":\"ImageObject\",\"inLanguage\":\"fr-FR\",\"@id\":\"https:\/\/www.vector.tn\/index.php\/product\/full-set-3\/#primaryimage\",\"url\":\"https:\/\/www.vector.tn\/wp-content\/uploads\/2025\/07\/IMG_1996-Photoroom-scaled.jpg\",\"contentUrl\":\"https:\/\/www.vector.tn\/wp-content\/uploads\/2025\/07\/IMG_1996-Photoroom-scaled.jpg\",\"width\":1707,\"height\":2560},{\"@type\":\"BreadcrumbList\",\"@id\":\"https:\/\/www.vector.tn\/index.php\/product\/full-set-3\/#breadcrumb\",\"itemListElement\":[{\"@type\":\"ListItem\",\"position\":1,\"name\":\"Accueil\",\"item\":\"https:\/\/www.vector.tn\/\"},{\"@type\":\"ListItem\",\"position\":2,\"name\":\"Boutique\",\"item\":\"https:\/\/www.vector.tn\/index.php\/shop\/\"},{\"@type\":\"ListItem\",\"position\":3,\"name\":\"Costume Cerimoniale\"}]},{\"@type\":\"WebSite\",\"@id\":\"https:\/\/www.vector.tn\/#website\",\"url\":\"https:\/\/www.vector.tn\/\",\"name\":\"Vector\",\"description\":\"VECTOR est une marque d\u00e9pos\u00e9e de pr\u00eat \u00e0 porter sp\u00e9cialis\u00e9 dans la vente des v\u00eatements pour hommes.\",\"publisher\":{\"@id\":\"https:\/\/www.vector.tn\/#organization\"},\"potentialAction\":[{\"@type\":\"SearchAction\",\"target\":{\"@type\":\"EntryPoint\",\"urlTemplate\":\"https:\/\/www.vector.tn\/?s={search_term_string}\"},\"query-input\":{\"@type\":\"PropertyValueSpecification\",\"valueRequired\":true,\"valueName\":\"search_term_string\"}}],\"inLanguage\":\"fr-FR\"},{\"@type\":\"Organization\",\"@id\":\"https:\/\/www.vector.tn\/#organization\",\"name\":\"Vector\",\"url\":\"https:\/\/www.vector.tn\/\",\"logo\":{\"@type\":\"ImageObject\",\"inLanguage\":\"fr-FR\",\"@id\":\"https:\/\/www.vector.tn\/#\/schema\/logo\/image\/\",\"url\":\"https:\/\/www.vector.tn\/wp-content\/uploads\/2025\/07\/logo_vector.png\",\"contentUrl\":\"https:\/\/www.vector.tn\/wp-content\/uploads\/2025\/07\/logo_vector.png\",\"width\":160,\"height\":48,\"caption\":\"Vector\"},\"image\":{\"@id\":\"https:\/\/www.vector.tn\/#\/schema\/logo\/image\/\"},\"sameAs\":[\"https:\/\/www.facebook.com\/VECTOR.Tunisie\"]}]}<\/script>\n<!-- \/ Yoast SEO plugin. -->","yoast_head_json":{"title":"Costume Cerimoniale - Vector","robots":{"index":"index","follow":"follow","max-snippet":"max-snippet:-1","max-image-preview":"max-image-preview:large","max-video-preview":"max-video-preview:-1"},"canonical":"https:\/\/www.vector.tn\/index.php\/product\/full-set-3\/","og_locale":"fr_FR","og_type":"article","og_title":"Costume Cerimoniale - Vector","og_description":"Costume C\u00e9r\u00e9monial \u2013 \u00c9l\u00e9gance raffin\u00e9e et style intemporel\u00a0 Affirmez votre charisme avec ce costume c\u00e9r\u00e9monial haut de gamme, con\u00e7u pour les hommes modernes qui recherchent \u00e9l\u00e9gance et distinction. Compos\u00e9 d\u2019une veste chic, d\u2019un pantalon ajust\u00e9 et d\u2019un n\u0153ud papillon raffin\u00e9, cet ensemble est parfait pour les mariages, soir\u00e9es, r\u00e9ceptions ou \u00e9v\u00e9nements professionnels. Son design contemporain, associ\u00e9 \u00e0 une coupe soign\u00e9e, mettra en valeur votre silhouette tout en offrant un confort optimal. Caract\u00e9ristiques :     Veste de costume en tissu premium, coupe slim, finition soign\u00e9e    Pantalon ajust\u00e9 pour une allure moderne et \u00e9l\u00e9gante    N\u0153ud papillon raffin\u00e9 inclus pour un style c\u00e9r\u00e9monial complet    D\u00e9tails chics avec cha\u00eenette d\u00e9corative sur la veste    Tissu de haute qualit\u00e9, respirant et agr\u00e9able \u00e0 porter    Convient pour mariages, soir\u00e9es, cocktails et grandes occasions    Disponible en plusieurs tailles pour un ajustement parfait","og_url":"https:\/\/www.vector.tn\/index.php\/product\/full-set-3\/","og_site_name":"Vector","article_publisher":"https:\/\/www.facebook.com\/VECTOR.Tunisie","article_modified_time":"2025-12-23T00:00:55+00:00","og_image":[{"width":1707,"height":2560,"url":"https:\/\/www.vector.tn\/wp-content\/uploads\/2025\/07\/IMG_1996-Photoroom-scaled.jpg","type":"image\/jpeg"}],"twitter_card":"summary_large_image","twitter_misc":{"Dur\u00e9e de lecture estim\u00e9e":"1 minute"},"schema":{"@context":"https:\/\/schema.org","@graph":[{"@type":"WebPage","@id":"https:\/\/www.vector.tn\/index.php\/product\/full-set-3\/","url":"https:\/\/www.vector.tn\/index.php\/product\/full-set-3\/","name":"Costume Cerimoniale - Vector","isPartOf":{"@id":"https:\/\/www.vector.tn\/#website"},"primaryImageOfPage":{"@id":"https:\/\/www.vector.tn\/index.php\/product\/full-set-3\/#primaryimage"},"image":{"@id":"https:\/\/www.vector.tn\/index.php\/product\/full-set-3\/#primaryimage"},"thumbnailUrl":"https:\/\/www.vector.tn\/wp-content\/uploads\/2025\/07\/IMG_1996-Photoroom-scaled.jpg","datePublished":"2025-07-24T11:34:39+00:00","dateModified":"2025-12-23T00:00:55+00:00","breadcrumb":{"@id":"https:\/\/www.vector.tn\/index.php\/product\/full-set-3\/#breadcrumb"},"inLanguage":"fr-FR","potentialAction":[{"@type":"ReadAction","target":["https:\/\/www.vector.tn\/index.php\/product\/full-set-3\/"]}]},{"@type":"ImageObject","inLanguage":"fr-FR","@id":"https:\/\/www.vector.tn\/index.php\/product\/full-set-3\/#primaryimage","url":"https:\/\/www.vector.tn\/wp-content\/uploads\/2025\/07\/IMG_1996-Photoroom-scaled.jpg","contentUrl":"https:\/\/www.vector.tn\/wp-content\/uploads\/2025\/07\/IMG_1996-Photoroom-scaled.jpg","width":1707,"height":2560},{"@type":"BreadcrumbList","@id":"https:\/\/www.vector.tn\/index.php\/product\/full-set-3\/#breadcrumb","itemListElement":[{"@type":"ListItem","position":1,"name":"Accueil","item":"https:\/\/www.vector.tn\/"},{"@type":"ListItem","position":2,"name":"Boutique","item":"https:\/\/www.vector.tn\/index.php\/shop\/"},{"@type":"ListItem","position":3,"name":"Costume Cerimoniale"}]},{"@type":"WebSite","@id":"https:\/\/www.vector.tn\/#website","url":"https:\/\/www.vector.tn\/","name":"Vector","description":"VECTOR est une marque d\u00e9pos\u00e9e de pr\u00eat \u00e0 porter sp\u00e9cialis\u00e9 dans la vente des v\u00eatements pour hommes.","publisher":{"@id":"https:\/\/www.vector.tn\/#organization"},"potentialAction":[{"@type":"SearchAction","target":{"@type":"EntryPoint","urlTemplate":"https:\/\/www.vector.tn\/?s={search_term_string}"},"query-input":{"@type":"PropertyValueSpecification","valueRequired":true,"valueName":"search_term_string"}}],"inLanguage":"fr-FR"},{"@type":"Organization","@id":"https:\/\/www.vector.tn\/#organization","name":"Vector","url":"https:\/\/www.vector.tn\/","logo":{"@type":"ImageObject","inLanguage":"fr-FR","@id":"https:\/\/www.vector.tn\/#\/schema\/logo\/image\/","url":"https:\/\/www.vector.tn\/wp-content\/uploads\/2025\/07\/logo_vector.png","contentUrl":"https:\/\/www.vector.tn\/wp-content\/uploads\/2025\/07\/logo_vector.png","width":160,"height":48,"caption":"Vector"},"image":{"@id":"https:\/\/www.vector.tn\/#\/schema\/logo\/image\/"},"sameAs":["https:\/\/www.facebook.com\/VECTOR.Tunisie"]}]}},"_links":{"self":[{"href":"https:\/\/www.vector.tn\/index.php\/wp-json\/wp\/v2\/product\/3108","targetHints":{"allow":["GET"]}}],"collection":[{"href":"https:\/\/www.vector.tn\/index.php\/wp-json\/wp\/v2\/product"}],"about":[{"href":"https:\/\/www.vector.tn\/index.php\/wp-json\/wp\/v2\/types\/product"}],"wp:featuredmedia":[{"embeddable":true,"href":"https:\/\/www.vector.tn\/index.php\/wp-json\/wp\/v2\/media\/3117"}],"wp:attachment":[{"href":"https:\/\/www.vector.tn\/index.php\/wp-json\/wp\/v2\/media?parent=3108"}],"wp:term":[{"taxonomy":"product_brand","embeddable":true,"href":"https:\/\/www.vector.tn\/index.php\/wp-json\/wp\/v2\/product_brand?post=3108"},{"taxonomy":"product_cat","embeddable":true,"href":"https:\/\/www.vector.tn\/index.php\/wp-json\/wp\/v2\/product_cat?post=3108"},{"taxonomy":"product_tag","embeddable":true,"href":"https:\/\/www.vector.tn\/index.php\/wp-json\/wp\/v2\/product_tag?post=3108"}],"curies":[{"name":"wp","href":"https:\/\/api.w.org\/{rel}","templated":true}]}}