{"id":3052,"date":"2025-07-24T11:20:42","date_gmt":"2025-07-24T11:20:42","guid":{"rendered":"https:\/\/www.vector.tn\/?post_type=product&#038;p=3052"},"modified":"2025-12-23T00:00:57","modified_gmt":"2025-12-23T00:00:57","slug":"full-set-2","status":"publish","type":"product","link":"https:\/\/www.vector.tn\/index.php\/product\/full-set-2\/","title":{"rendered":"Ensemble Sport Classique"},"content":{"rendered":"<p data-start=\"223\" data-end=\"363\"><strong data-start=\"223\" data-end=\"251\">Ensemble Sport Classique (polo + pantacourt +mocassin cuir)<\/strong><br data-start=\"251\" data-end=\"254\" \/>Tenue casual chic compos\u00e9e d\u2019un polo bleu fonc\u00e9 ajust\u00e9 et d\u2019un pantacourt en jean pratique avec ses poches.<\/p>\n<p data-start=\"365\" data-end=\"584\">Confortable et tendance, cet ensemble allie sobri\u00e9t\u00e9 et modernit\u00e9 pour un look urbain d\u00e9contract\u00e9. Id\u00e9al pour vos journ\u00e9es actives, il vous permet de rester \u00e9l\u00e9gant tout en profitant d\u2019une grande libert\u00e9 de mouvement.<\/p>\n<p data-start=\"586\" data-end=\"610\"><strong data-start=\"586\" data-end=\"608\">Caract\u00e9ristiques :<\/strong><\/p>\n<ul data-start=\"611\" data-end=\"823\">\n<li data-start=\"611\" data-end=\"652\">\n<p data-start=\"613\" data-end=\"652\">Polo bleu fonc\u00e9 ajust\u00e9, coupe moderne<\/p>\n<\/li>\n<li data-start=\"653\" data-end=\"697\">\n<p data-start=\"655\" data-end=\"697\">Pantacourt en jean avec poches pratiques<\/p>\n<\/li>\n<li data-start=\"698\" data-end=\"734\">\n<p data-start=\"700\" data-end=\"734\">Style urbain chic et d\u00e9contract\u00e9<\/p>\n<\/li>\n<li data-start=\"735\" data-end=\"787\">\n<p data-start=\"737\" data-end=\"787\">Confortable et adapt\u00e9 aux activit\u00e9s quotidiennes<\/p>\n<\/li>\n<li data-start=\"788\" data-end=\"823\">\n<p data-start=\"790\" data-end=\"823\">Disponible en plusieurs tailles<\/p>\n<\/li>\n<\/ul>\n","protected":false},"excerpt":{"rendered":"<p data-start=\"223\" data-end=\"363\"><strong data-start=\"223\" data-end=\"251\">Ensemble Sport Classique (polo + pantacourt +mocassin cuir)<\/strong><br data-start=\"251\" data-end=\"254\" \/>Tenue casual chic compos\u00e9e d\u2019un polo bleu fonc\u00e9 ajust\u00e9 et d\u2019un pantacourt en jean pratique avec ses poches.<\/p>\n<p data-start=\"365\" data-end=\"584\">Confortable et tendance, cet ensemble allie sobri\u00e9t\u00e9 et modernit\u00e9 pour un look urbain d\u00e9contract\u00e9. Id\u00e9al pour vos journ\u00e9es actives, il vous permet de rester \u00e9l\u00e9gant tout en profitant d\u2019une grande libert\u00e9 de mouvement.<\/p>\n<p data-start=\"586\" data-end=\"610\"><strong data-start=\"586\" data-end=\"608\">Caract\u00e9ristiques :<\/strong><\/p>\n<ul data-start=\"611\" data-end=\"823\">\n<li data-start=\"611\" data-end=\"652\">\n<p data-start=\"613\" data-end=\"652\">Polo bleu fonc\u00e9 ajust\u00e9, coupe moderne<\/p>\n<\/li>\n<li data-start=\"653\" data-end=\"697\">\n<p data-start=\"655\" data-end=\"697\">Pantacourt en jean avec poches pratiques<\/p>\n<\/li>\n<li data-start=\"698\" data-end=\"734\">\n<p data-start=\"700\" data-end=\"734\">Style urbain chic et d\u00e9contract\u00e9<\/p>\n<\/li>\n<li data-start=\"735\" data-end=\"787\">\n<p data-start=\"737\" data-end=\"787\">Confortable et adapt\u00e9 aux activit\u00e9s quotidiennes<\/p>\n<\/li>\n<li data-start=\"788\" data-end=\"823\">\n<p data-start=\"790\" data-end=\"823\">Disponible en plusieurs tailles<\/p>\n<\/li>\n<\/ul>\n","protected":false},"featured_media":3053,"template":"","meta":[],"product_brand":[],"product_cat":[55],"product_tag":[],"class_list":{"0":"post-3052","1":"product","2":"type-product","3":"status-publish","4":"has-post-thumbnail","6":"product_cat-total-look","8":"first","9":"instock","10":"shipping-taxable","11":"purchasable","12":"product-type-simple","13":"layout-style-1","14":"col-md-4 col-sm-4 col-xs-6","15":"col-lg-3","16":"product-has-gallery","17":"product-style-default"},"yoast_head":"<!-- This site is optimized with the Yoast SEO plugin v25.7 - https:\/\/yoast.com\/wordpress\/plugins\/seo\/ -->\n<title>Ensemble Sport Classique - Vector<\/title>\n<meta name=\"robots\" content=\"index, follow, max-snippet:-1, max-image-preview:large, max-video-preview:-1\" \/>\n<link rel=\"canonical\" href=\"https:\/\/www.vector.tn\/index.php\/product\/full-set-2\/\" \/>\n<meta property=\"og:locale\" content=\"fr_FR\" \/>\n<meta property=\"og:type\" content=\"article\" \/>\n<meta property=\"og:title\" content=\"Ensemble Sport Classique - Vector\" \/>\n<meta property=\"og:description\" content=\"Ensemble Sport Classique (polo + pantacourt +mocassin cuir)Tenue casual chic compos\u00e9e d\u2019un polo bleu fonc\u00e9 ajust\u00e9 et d\u2019un pantacourt en jean pratique avec ses poches. Confortable et tendance, cet ensemble allie sobri\u00e9t\u00e9 et modernit\u00e9 pour un look urbain d\u00e9contract\u00e9. Id\u00e9al pour vos journ\u00e9es actives, il vous permet de rester \u00e9l\u00e9gant tout en profitant d\u2019une grande libert\u00e9 de mouvement. Caract\u00e9ristiques :     Polo bleu fonc\u00e9 ajust\u00e9, coupe moderne    Pantacourt en jean avec poches pratiques    Style urbain chic et d\u00e9contract\u00e9    Confortable et adapt\u00e9 aux activit\u00e9s quotidiennes    Disponible en plusieurs tailles\" \/>\n<meta property=\"og:url\" content=\"https:\/\/www.vector.tn\/index.php\/product\/full-set-2\/\" \/>\n<meta property=\"og:site_name\" content=\"Vector\" \/>\n<meta property=\"article:publisher\" content=\"https:\/\/www.facebook.com\/VECTOR.Tunisie\" \/>\n<meta property=\"article:modified_time\" content=\"2025-12-23T00:00:57+00:00\" \/>\n<meta property=\"og:image\" content=\"https:\/\/www.vector.tn\/wp-content\/uploads\/2025\/07\/IMG_1679-Photoroom-3-scaled.jpg\" \/>\n\t<meta property=\"og:image:width\" content=\"1707\" \/>\n\t<meta property=\"og:image:height\" content=\"2560\" \/>\n\t<meta property=\"og:image:type\" content=\"image\/jpeg\" \/>\n<meta name=\"twitter:card\" content=\"summary_large_image\" \/>\n<meta name=\"twitter:label1\" content=\"Dur\u00e9e de lecture estim\u00e9e\" \/>\n\t<meta name=\"twitter:data1\" content=\"1 minute\" \/>\n<script type=\"application\/ld+json\" class=\"yoast-schema-graph\">{\"@context\":\"https:\/\/schema.org\",\"@graph\":[{\"@type\":\"WebPage\",\"@id\":\"https:\/\/www.vector.tn\/index.php\/product\/full-set-2\/\",\"url\":\"https:\/\/www.vector.tn\/index.php\/product\/full-set-2\/\",\"name\":\"Ensemble Sport Classique - Vector\",\"isPartOf\":{\"@id\":\"https:\/\/www.vector.tn\/#website\"},\"primaryImageOfPage\":{\"@id\":\"https:\/\/www.vector.tn\/index.php\/product\/full-set-2\/#primaryimage\"},\"image\":{\"@id\":\"https:\/\/www.vector.tn\/index.php\/product\/full-set-2\/#primaryimage\"},\"thumbnailUrl\":\"https:\/\/www.vector.tn\/wp-content\/uploads\/2025\/07\/IMG_1679-Photoroom-3-scaled.jpg\",\"datePublished\":\"2025-07-24T11:20:42+00:00\",\"dateModified\":\"2025-12-23T00:00:57+00:00\",\"breadcrumb\":{\"@id\":\"https:\/\/www.vector.tn\/index.php\/product\/full-set-2\/#breadcrumb\"},\"inLanguage\":\"fr-FR\",\"potentialAction\":[{\"@type\":\"ReadAction\",\"target\":[\"https:\/\/www.vector.tn\/index.php\/product\/full-set-2\/\"]}]},{\"@type\":\"ImageObject\",\"inLanguage\":\"fr-FR\",\"@id\":\"https:\/\/www.vector.tn\/index.php\/product\/full-set-2\/#primaryimage\",\"url\":\"https:\/\/www.vector.tn\/wp-content\/uploads\/2025\/07\/IMG_1679-Photoroom-3-scaled.jpg\",\"contentUrl\":\"https:\/\/www.vector.tn\/wp-content\/uploads\/2025\/07\/IMG_1679-Photoroom-3-scaled.jpg\",\"width\":1707,\"height\":2560},{\"@type\":\"BreadcrumbList\",\"@id\":\"https:\/\/www.vector.tn\/index.php\/product\/full-set-2\/#breadcrumb\",\"itemListElement\":[{\"@type\":\"ListItem\",\"position\":1,\"name\":\"Accueil\",\"item\":\"https:\/\/www.vector.tn\/\"},{\"@type\":\"ListItem\",\"position\":2,\"name\":\"Boutique\",\"item\":\"https:\/\/www.vector.tn\/index.php\/shop\/\"},{\"@type\":\"ListItem\",\"position\":3,\"name\":\"Ensemble Sport Classique\"}]},{\"@type\":\"WebSite\",\"@id\":\"https:\/\/www.vector.tn\/#website\",\"url\":\"https:\/\/www.vector.tn\/\",\"name\":\"Vector\",\"description\":\"VECTOR est une marque d\u00e9pos\u00e9e de pr\u00eat \u00e0 porter sp\u00e9cialis\u00e9 dans la vente des v\u00eatements pour hommes.\",\"publisher\":{\"@id\":\"https:\/\/www.vector.tn\/#organization\"},\"potentialAction\":[{\"@type\":\"SearchAction\",\"target\":{\"@type\":\"EntryPoint\",\"urlTemplate\":\"https:\/\/www.vector.tn\/?s={search_term_string}\"},\"query-input\":{\"@type\":\"PropertyValueSpecification\",\"valueRequired\":true,\"valueName\":\"search_term_string\"}}],\"inLanguage\":\"fr-FR\"},{\"@type\":\"Organization\",\"@id\":\"https:\/\/www.vector.tn\/#organization\",\"name\":\"Vector\",\"url\":\"https:\/\/www.vector.tn\/\",\"logo\":{\"@type\":\"ImageObject\",\"inLanguage\":\"fr-FR\",\"@id\":\"https:\/\/www.vector.tn\/#\/schema\/logo\/image\/\",\"url\":\"https:\/\/www.vector.tn\/wp-content\/uploads\/2025\/07\/logo_vector.png\",\"contentUrl\":\"https:\/\/www.vector.tn\/wp-content\/uploads\/2025\/07\/logo_vector.png\",\"width\":160,\"height\":48,\"caption\":\"Vector\"},\"image\":{\"@id\":\"https:\/\/www.vector.tn\/#\/schema\/logo\/image\/\"},\"sameAs\":[\"https:\/\/www.facebook.com\/VECTOR.Tunisie\"]}]}<\/script>\n<!-- \/ Yoast SEO plugin. -->","yoast_head_json":{"title":"Ensemble Sport Classique - Vector","robots":{"index":"index","follow":"follow","max-snippet":"max-snippet:-1","max-image-preview":"max-image-preview:large","max-video-preview":"max-video-preview:-1"},"canonical":"https:\/\/www.vector.tn\/index.php\/product\/full-set-2\/","og_locale":"fr_FR","og_type":"article","og_title":"Ensemble Sport Classique - Vector","og_description":"Ensemble Sport Classique (polo + pantacourt +mocassin cuir)Tenue casual chic compos\u00e9e d\u2019un polo bleu fonc\u00e9 ajust\u00e9 et d\u2019un pantacourt en jean pratique avec ses poches. Confortable et tendance, cet ensemble allie sobri\u00e9t\u00e9 et modernit\u00e9 pour un look urbain d\u00e9contract\u00e9. Id\u00e9al pour vos journ\u00e9es actives, il vous permet de rester \u00e9l\u00e9gant tout en profitant d\u2019une grande libert\u00e9 de mouvement. Caract\u00e9ristiques :     Polo bleu fonc\u00e9 ajust\u00e9, coupe moderne    Pantacourt en jean avec poches pratiques    Style urbain chic et d\u00e9contract\u00e9    Confortable et adapt\u00e9 aux activit\u00e9s quotidiennes    Disponible en plusieurs tailles","og_url":"https:\/\/www.vector.tn\/index.php\/product\/full-set-2\/","og_site_name":"Vector","article_publisher":"https:\/\/www.facebook.com\/VECTOR.Tunisie","article_modified_time":"2025-12-23T00:00:57+00:00","og_image":[{"width":1707,"height":2560,"url":"https:\/\/www.vector.tn\/wp-content\/uploads\/2025\/07\/IMG_1679-Photoroom-3-scaled.jpg","type":"image\/jpeg"}],"twitter_card":"summary_large_image","twitter_misc":{"Dur\u00e9e de lecture estim\u00e9e":"1 minute"},"schema":{"@context":"https:\/\/schema.org","@graph":[{"@type":"WebPage","@id":"https:\/\/www.vector.tn\/index.php\/product\/full-set-2\/","url":"https:\/\/www.vector.tn\/index.php\/product\/full-set-2\/","name":"Ensemble Sport Classique - Vector","isPartOf":{"@id":"https:\/\/www.vector.tn\/#website"},"primaryImageOfPage":{"@id":"https:\/\/www.vector.tn\/index.php\/product\/full-set-2\/#primaryimage"},"image":{"@id":"https:\/\/www.vector.tn\/index.php\/product\/full-set-2\/#primaryimage"},"thumbnailUrl":"https:\/\/www.vector.tn\/wp-content\/uploads\/2025\/07\/IMG_1679-Photoroom-3-scaled.jpg","datePublished":"2025-07-24T11:20:42+00:00","dateModified":"2025-12-23T00:00:57+00:00","breadcrumb":{"@id":"https:\/\/www.vector.tn\/index.php\/product\/full-set-2\/#breadcrumb"},"inLanguage":"fr-FR","potentialAction":[{"@type":"ReadAction","target":["https:\/\/www.vector.tn\/index.php\/product\/full-set-2\/"]}]},{"@type":"ImageObject","inLanguage":"fr-FR","@id":"https:\/\/www.vector.tn\/index.php\/product\/full-set-2\/#primaryimage","url":"https:\/\/www.vector.tn\/wp-content\/uploads\/2025\/07\/IMG_1679-Photoroom-3-scaled.jpg","contentUrl":"https:\/\/www.vector.tn\/wp-content\/uploads\/2025\/07\/IMG_1679-Photoroom-3-scaled.jpg","width":1707,"height":2560},{"@type":"BreadcrumbList","@id":"https:\/\/www.vector.tn\/index.php\/product\/full-set-2\/#breadcrumb","itemListElement":[{"@type":"ListItem","position":1,"name":"Accueil","item":"https:\/\/www.vector.tn\/"},{"@type":"ListItem","position":2,"name":"Boutique","item":"https:\/\/www.vector.tn\/index.php\/shop\/"},{"@type":"ListItem","position":3,"name":"Ensemble Sport Classique"}]},{"@type":"WebSite","@id":"https:\/\/www.vector.tn\/#website","url":"https:\/\/www.vector.tn\/","name":"Vector","description":"VECTOR est une marque d\u00e9pos\u00e9e de pr\u00eat \u00e0 porter sp\u00e9cialis\u00e9 dans la vente des v\u00eatements pour hommes.","publisher":{"@id":"https:\/\/www.vector.tn\/#organization"},"potentialAction":[{"@type":"SearchAction","target":{"@type":"EntryPoint","urlTemplate":"https:\/\/www.vector.tn\/?s={search_term_string}"},"query-input":{"@type":"PropertyValueSpecification","valueRequired":true,"valueName":"search_term_string"}}],"inLanguage":"fr-FR"},{"@type":"Organization","@id":"https:\/\/www.vector.tn\/#organization","name":"Vector","url":"https:\/\/www.vector.tn\/","logo":{"@type":"ImageObject","inLanguage":"fr-FR","@id":"https:\/\/www.vector.tn\/#\/schema\/logo\/image\/","url":"https:\/\/www.vector.tn\/wp-content\/uploads\/2025\/07\/logo_vector.png","contentUrl":"https:\/\/www.vector.tn\/wp-content\/uploads\/2025\/07\/logo_vector.png","width":160,"height":48,"caption":"Vector"},"image":{"@id":"https:\/\/www.vector.tn\/#\/schema\/logo\/image\/"},"sameAs":["https:\/\/www.facebook.com\/VECTOR.Tunisie"]}]}},"_links":{"self":[{"href":"https:\/\/www.vector.tn\/index.php\/wp-json\/wp\/v2\/product\/3052","targetHints":{"allow":["GET"]}}],"collection":[{"href":"https:\/\/www.vector.tn\/index.php\/wp-json\/wp\/v2\/product"}],"about":[{"href":"https:\/\/www.vector.tn\/index.php\/wp-json\/wp\/v2\/types\/product"}],"wp:featuredmedia":[{"embeddable":true,"href":"https:\/\/www.vector.tn\/index.php\/wp-json\/wp\/v2\/media\/3053"}],"wp:attachment":[{"href":"https:\/\/www.vector.tn\/index.php\/wp-json\/wp\/v2\/media?parent=3052"}],"wp:term":[{"taxonomy":"product_brand","embeddable":true,"href":"https:\/\/www.vector.tn\/index.php\/wp-json\/wp\/v2\/product_brand?post=3052"},{"taxonomy":"product_cat","embeddable":true,"href":"https:\/\/www.vector.tn\/index.php\/wp-json\/wp\/v2\/product_cat?post=3052"},{"taxonomy":"product_tag","embeddable":true,"href":"https:\/\/www.vector.tn\/index.php\/wp-json\/wp\/v2\/product_tag?post=3052"}],"curies":[{"name":"wp","href":"https:\/\/api.w.org\/{rel}","templated":true}]}}