{"id":3031,"date":"2025-07-24T11:12:24","date_gmt":"2025-07-24T11:12:24","guid":{"rendered":"https:\/\/www.vector.tn\/?post_type=product&#038;p=3031"},"modified":"2025-12-23T00:00:56","modified_gmt":"2025-12-23T00:00:56","slug":"bermuda-chino-en-coton-3","status":"publish","type":"product","link":"https:\/\/www.vector.tn\/index.php\/product\/bermuda-chino-en-coton-3\/","title":{"rendered":"Bermuda chino en coton"},"content":{"rendered":"<p data-start=\"99\" data-end=\"146\"><strong data-start=\"99\" data-end=\"144\">Bermuda chino en coton \u2013 Confort et style<\/strong><\/p>\n<p data-start=\"148\" data-end=\"466\">Alliez \u00e9l\u00e9gance et l\u00e9g\u00e8ret\u00e9 avec ce <strong data-start=\"184\" data-end=\"210\">bermuda chino en coton<\/strong>. Con\u00e7u dans un coton doux et respirant, il offre confort et libert\u00e9 de mouvement tout au long de la journ\u00e9e. Sa coupe classique et son design polyvalent le rendent id\u00e9al pour un look d\u00e9contract\u00e9 ou chic, facile \u00e0 associer avec un t-shirt ou une chemise.<\/p>\n<p data-start=\"468\" data-end=\"492\"><strong data-start=\"468\" data-end=\"490\">Caract\u00e9ristiques :<\/strong><\/p>\n<ul data-start=\"493\" data-end=\"676\">\n<li data-start=\"493\" data-end=\"526\">\n<p data-start=\"495\" data-end=\"526\">100\u202f% coton doux et respirant<\/p>\n<\/li>\n<li data-start=\"527\" data-end=\"552\">\n<p data-start=\"529\" data-end=\"552\">Coupe chino classique<\/p>\n<\/li>\n<li data-start=\"553\" data-end=\"594\">\n<p data-start=\"555\" data-end=\"594\">Poches lat\u00e9rales et arri\u00e8re pratiques<\/p>\n<\/li>\n<li data-start=\"595\" data-end=\"641\">\n<p data-start=\"597\" data-end=\"641\">Disponible en plusieurs tailles et coloris<\/p>\n<\/li>\n<li data-start=\"642\" data-end=\"676\">\n<p data-start=\"644\" data-end=\"676\">Confortable et facile \u00e0 porter<\/p>\n<\/li>\n<\/ul>\n","protected":false},"excerpt":{"rendered":"<p data-start=\"99\" data-end=\"146\"><strong data-start=\"99\" data-end=\"144\">Bermuda chino en coton \u2013 Confort et style<\/strong><\/p>\n<p data-start=\"148\" data-end=\"466\">Alliez \u00e9l\u00e9gance et l\u00e9g\u00e8ret\u00e9 avec ce <strong data-start=\"184\" data-end=\"210\">bermuda chino en coton<\/strong>. Con\u00e7u dans un coton doux et respirant, il offre confort et libert\u00e9 de mouvement tout au long de la journ\u00e9e. Sa coupe classique et son design polyvalent le rendent id\u00e9al pour un look d\u00e9contract\u00e9 ou chic, facile \u00e0 associer avec un t-shirt ou une chemise.<\/p>\n<p data-start=\"468\" data-end=\"492\"><strong data-start=\"468\" data-end=\"490\">Caract\u00e9ristiques :<\/strong><\/p>\n<ul data-start=\"493\" data-end=\"676\">\n<li data-start=\"493\" data-end=\"526\">\n<p data-start=\"495\" data-end=\"526\">100\u202f% coton doux et respirant<\/p>\n<\/li>\n<li data-start=\"527\" data-end=\"552\">\n<p data-start=\"529\" data-end=\"552\">Coupe chino classique<\/p>\n<\/li>\n<li data-start=\"553\" data-end=\"594\">\n<p data-start=\"555\" data-end=\"594\">Poches lat\u00e9rales et arri\u00e8re pratiques<\/p>\n<\/li>\n<li data-start=\"595\" data-end=\"641\">\n<p data-start=\"597\" data-end=\"641\">Disponible en plusieurs tailles et coloris<\/p>\n<\/li>\n<li data-start=\"642\" data-end=\"676\">\n<p data-start=\"644\" data-end=\"676\">Confortable et facile \u00e0 porter<\/p>\n<\/li>\n<\/ul>\n","protected":false},"featured_media":3010,"template":"","meta":[],"product_brand":[],"product_cat":[56],"product_tag":[],"class_list":{"0":"post-3031","1":"product","2":"type-product","3":"status-publish","4":"has-post-thumbnail","6":"product_cat-bermudas","8":"first","9":"instock","10":"shipping-taxable","11":"purchasable","12":"product-type-simple","13":"layout-style-1","14":"col-md-4 col-sm-4 col-xs-6","15":"col-lg-3","16":"product-has-gallery","17":"product-style-default"},"yoast_head":"<!-- This site is optimized with the Yoast SEO plugin v25.7 - https:\/\/yoast.com\/wordpress\/plugins\/seo\/ -->\n<title>Bermuda chino en coton - Vector<\/title>\n<meta name=\"robots\" content=\"index, follow, max-snippet:-1, max-image-preview:large, max-video-preview:-1\" \/>\n<link rel=\"canonical\" href=\"https:\/\/www.vector.tn\/index.php\/product\/bermuda-chino-en-coton-3\/\" \/>\n<meta property=\"og:locale\" content=\"fr_FR\" \/>\n<meta property=\"og:type\" content=\"article\" \/>\n<meta property=\"og:title\" content=\"Bermuda chino en coton - Vector\" \/>\n<meta property=\"og:description\" content=\"Bermuda chino en coton \u2013 Confort et style Alliez \u00e9l\u00e9gance et l\u00e9g\u00e8ret\u00e9 avec ce bermuda chino en coton. Con\u00e7u dans un coton doux et respirant, il offre confort et libert\u00e9 de mouvement tout au long de la journ\u00e9e. Sa coupe classique et son design polyvalent le rendent id\u00e9al pour un look d\u00e9contract\u00e9 ou chic, facile \u00e0 associer avec un t-shirt ou une chemise. Caract\u00e9ristiques :     100\u202f% coton doux et respirant    Coupe chino classique    Poches lat\u00e9rales et arri\u00e8re pratiques    Disponible en plusieurs tailles et coloris    Confortable et facile \u00e0 porter\" \/>\n<meta property=\"og:url\" content=\"https:\/\/www.vector.tn\/index.php\/product\/bermuda-chino-en-coton-3\/\" \/>\n<meta property=\"og:site_name\" content=\"Vector\" \/>\n<meta property=\"article:publisher\" content=\"https:\/\/www.facebook.com\/VECTOR.Tunisie\" \/>\n<meta property=\"article:modified_time\" content=\"2025-12-23T00:00:56+00:00\" \/>\n<meta property=\"og:image\" content=\"https:\/\/www.vector.tn\/wp-content\/uploads\/2025\/07\/IMG_1602-Photoroom-scaled.jpg\" \/>\n\t<meta property=\"og:image:width\" content=\"2560\" \/>\n\t<meta property=\"og:image:height\" content=\"1707\" \/>\n\t<meta property=\"og:image:type\" content=\"image\/jpeg\" \/>\n<meta name=\"twitter:card\" content=\"summary_large_image\" \/>\n<meta name=\"twitter:label1\" content=\"Dur\u00e9e de lecture estim\u00e9e\" \/>\n\t<meta name=\"twitter:data1\" content=\"1 minute\" \/>\n<script type=\"application\/ld+json\" class=\"yoast-schema-graph\">{\"@context\":\"https:\/\/schema.org\",\"@graph\":[{\"@type\":\"WebPage\",\"@id\":\"https:\/\/www.vector.tn\/index.php\/product\/bermuda-chino-en-coton-3\/\",\"url\":\"https:\/\/www.vector.tn\/index.php\/product\/bermuda-chino-en-coton-3\/\",\"name\":\"Bermuda chino en coton - Vector\",\"isPartOf\":{\"@id\":\"https:\/\/www.vector.tn\/#website\"},\"primaryImageOfPage\":{\"@id\":\"https:\/\/www.vector.tn\/index.php\/product\/bermuda-chino-en-coton-3\/#primaryimage\"},\"image\":{\"@id\":\"https:\/\/www.vector.tn\/index.php\/product\/bermuda-chino-en-coton-3\/#primaryimage\"},\"thumbnailUrl\":\"https:\/\/www.vector.tn\/wp-content\/uploads\/2025\/07\/IMG_1602-Photoroom-scaled.jpg\",\"datePublished\":\"2025-07-24T11:12:24+00:00\",\"dateModified\":\"2025-12-23T00:00:56+00:00\",\"breadcrumb\":{\"@id\":\"https:\/\/www.vector.tn\/index.php\/product\/bermuda-chino-en-coton-3\/#breadcrumb\"},\"inLanguage\":\"fr-FR\",\"potentialAction\":[{\"@type\":\"ReadAction\",\"target\":[\"https:\/\/www.vector.tn\/index.php\/product\/bermuda-chino-en-coton-3\/\"]}]},{\"@type\":\"ImageObject\",\"inLanguage\":\"fr-FR\",\"@id\":\"https:\/\/www.vector.tn\/index.php\/product\/bermuda-chino-en-coton-3\/#primaryimage\",\"url\":\"https:\/\/www.vector.tn\/wp-content\/uploads\/2025\/07\/IMG_1602-Photoroom-scaled.jpg\",\"contentUrl\":\"https:\/\/www.vector.tn\/wp-content\/uploads\/2025\/07\/IMG_1602-Photoroom-scaled.jpg\",\"width\":2560,\"height\":1707},{\"@type\":\"BreadcrumbList\",\"@id\":\"https:\/\/www.vector.tn\/index.php\/product\/bermuda-chino-en-coton-3\/#breadcrumb\",\"itemListElement\":[{\"@type\":\"ListItem\",\"position\":1,\"name\":\"Accueil\",\"item\":\"https:\/\/www.vector.tn\/\"},{\"@type\":\"ListItem\",\"position\":2,\"name\":\"Boutique\",\"item\":\"https:\/\/www.vector.tn\/index.php\/shop\/\"},{\"@type\":\"ListItem\",\"position\":3,\"name\":\"Bermuda chino en coton\"}]},{\"@type\":\"WebSite\",\"@id\":\"https:\/\/www.vector.tn\/#website\",\"url\":\"https:\/\/www.vector.tn\/\",\"name\":\"Vector\",\"description\":\"VECTOR est une marque d\u00e9pos\u00e9e de pr\u00eat \u00e0 porter sp\u00e9cialis\u00e9 dans la vente des v\u00eatements pour hommes.\",\"publisher\":{\"@id\":\"https:\/\/www.vector.tn\/#organization\"},\"potentialAction\":[{\"@type\":\"SearchAction\",\"target\":{\"@type\":\"EntryPoint\",\"urlTemplate\":\"https:\/\/www.vector.tn\/?s={search_term_string}\"},\"query-input\":{\"@type\":\"PropertyValueSpecification\",\"valueRequired\":true,\"valueName\":\"search_term_string\"}}],\"inLanguage\":\"fr-FR\"},{\"@type\":\"Organization\",\"@id\":\"https:\/\/www.vector.tn\/#organization\",\"name\":\"Vector\",\"url\":\"https:\/\/www.vector.tn\/\",\"logo\":{\"@type\":\"ImageObject\",\"inLanguage\":\"fr-FR\",\"@id\":\"https:\/\/www.vector.tn\/#\/schema\/logo\/image\/\",\"url\":\"https:\/\/www.vector.tn\/wp-content\/uploads\/2025\/07\/logo_vector.png\",\"contentUrl\":\"https:\/\/www.vector.tn\/wp-content\/uploads\/2025\/07\/logo_vector.png\",\"width\":160,\"height\":48,\"caption\":\"Vector\"},\"image\":{\"@id\":\"https:\/\/www.vector.tn\/#\/schema\/logo\/image\/\"},\"sameAs\":[\"https:\/\/www.facebook.com\/VECTOR.Tunisie\"]}]}<\/script>\n<!-- \/ Yoast SEO plugin. -->","yoast_head_json":{"title":"Bermuda chino en coton - Vector","robots":{"index":"index","follow":"follow","max-snippet":"max-snippet:-1","max-image-preview":"max-image-preview:large","max-video-preview":"max-video-preview:-1"},"canonical":"https:\/\/www.vector.tn\/index.php\/product\/bermuda-chino-en-coton-3\/","og_locale":"fr_FR","og_type":"article","og_title":"Bermuda chino en coton - Vector","og_description":"Bermuda chino en coton \u2013 Confort et style Alliez \u00e9l\u00e9gance et l\u00e9g\u00e8ret\u00e9 avec ce bermuda chino en coton. Con\u00e7u dans un coton doux et respirant, il offre confort et libert\u00e9 de mouvement tout au long de la journ\u00e9e. Sa coupe classique et son design polyvalent le rendent id\u00e9al pour un look d\u00e9contract\u00e9 ou chic, facile \u00e0 associer avec un t-shirt ou une chemise. Caract\u00e9ristiques :     100\u202f% coton doux et respirant    Coupe chino classique    Poches lat\u00e9rales et arri\u00e8re pratiques    Disponible en plusieurs tailles et coloris    Confortable et facile \u00e0 porter","og_url":"https:\/\/www.vector.tn\/index.php\/product\/bermuda-chino-en-coton-3\/","og_site_name":"Vector","article_publisher":"https:\/\/www.facebook.com\/VECTOR.Tunisie","article_modified_time":"2025-12-23T00:00:56+00:00","og_image":[{"width":2560,"height":1707,"url":"https:\/\/www.vector.tn\/wp-content\/uploads\/2025\/07\/IMG_1602-Photoroom-scaled.jpg","type":"image\/jpeg"}],"twitter_card":"summary_large_image","twitter_misc":{"Dur\u00e9e de lecture estim\u00e9e":"1 minute"},"schema":{"@context":"https:\/\/schema.org","@graph":[{"@type":"WebPage","@id":"https:\/\/www.vector.tn\/index.php\/product\/bermuda-chino-en-coton-3\/","url":"https:\/\/www.vector.tn\/index.php\/product\/bermuda-chino-en-coton-3\/","name":"Bermuda chino en coton - Vector","isPartOf":{"@id":"https:\/\/www.vector.tn\/#website"},"primaryImageOfPage":{"@id":"https:\/\/www.vector.tn\/index.php\/product\/bermuda-chino-en-coton-3\/#primaryimage"},"image":{"@id":"https:\/\/www.vector.tn\/index.php\/product\/bermuda-chino-en-coton-3\/#primaryimage"},"thumbnailUrl":"https:\/\/www.vector.tn\/wp-content\/uploads\/2025\/07\/IMG_1602-Photoroom-scaled.jpg","datePublished":"2025-07-24T11:12:24+00:00","dateModified":"2025-12-23T00:00:56+00:00","breadcrumb":{"@id":"https:\/\/www.vector.tn\/index.php\/product\/bermuda-chino-en-coton-3\/#breadcrumb"},"inLanguage":"fr-FR","potentialAction":[{"@type":"ReadAction","target":["https:\/\/www.vector.tn\/index.php\/product\/bermuda-chino-en-coton-3\/"]}]},{"@type":"ImageObject","inLanguage":"fr-FR","@id":"https:\/\/www.vector.tn\/index.php\/product\/bermuda-chino-en-coton-3\/#primaryimage","url":"https:\/\/www.vector.tn\/wp-content\/uploads\/2025\/07\/IMG_1602-Photoroom-scaled.jpg","contentUrl":"https:\/\/www.vector.tn\/wp-content\/uploads\/2025\/07\/IMG_1602-Photoroom-scaled.jpg","width":2560,"height":1707},{"@type":"BreadcrumbList","@id":"https:\/\/www.vector.tn\/index.php\/product\/bermuda-chino-en-coton-3\/#breadcrumb","itemListElement":[{"@type":"ListItem","position":1,"name":"Accueil","item":"https:\/\/www.vector.tn\/"},{"@type":"ListItem","position":2,"name":"Boutique","item":"https:\/\/www.vector.tn\/index.php\/shop\/"},{"@type":"ListItem","position":3,"name":"Bermuda chino en coton"}]},{"@type":"WebSite","@id":"https:\/\/www.vector.tn\/#website","url":"https:\/\/www.vector.tn\/","name":"Vector","description":"VECTOR est une marque d\u00e9pos\u00e9e de pr\u00eat \u00e0 porter sp\u00e9cialis\u00e9 dans la vente des v\u00eatements pour hommes.","publisher":{"@id":"https:\/\/www.vector.tn\/#organization"},"potentialAction":[{"@type":"SearchAction","target":{"@type":"EntryPoint","urlTemplate":"https:\/\/www.vector.tn\/?s={search_term_string}"},"query-input":{"@type":"PropertyValueSpecification","valueRequired":true,"valueName":"search_term_string"}}],"inLanguage":"fr-FR"},{"@type":"Organization","@id":"https:\/\/www.vector.tn\/#organization","name":"Vector","url":"https:\/\/www.vector.tn\/","logo":{"@type":"ImageObject","inLanguage":"fr-FR","@id":"https:\/\/www.vector.tn\/#\/schema\/logo\/image\/","url":"https:\/\/www.vector.tn\/wp-content\/uploads\/2025\/07\/logo_vector.png","contentUrl":"https:\/\/www.vector.tn\/wp-content\/uploads\/2025\/07\/logo_vector.png","width":160,"height":48,"caption":"Vector"},"image":{"@id":"https:\/\/www.vector.tn\/#\/schema\/logo\/image\/"},"sameAs":["https:\/\/www.facebook.com\/VECTOR.Tunisie"]}]}},"_links":{"self":[{"href":"https:\/\/www.vector.tn\/index.php\/wp-json\/wp\/v2\/product\/3031","targetHints":{"allow":["GET"]}}],"collection":[{"href":"https:\/\/www.vector.tn\/index.php\/wp-json\/wp\/v2\/product"}],"about":[{"href":"https:\/\/www.vector.tn\/index.php\/wp-json\/wp\/v2\/types\/product"}],"wp:featuredmedia":[{"embeddable":true,"href":"https:\/\/www.vector.tn\/index.php\/wp-json\/wp\/v2\/media\/3010"}],"wp:attachment":[{"href":"https:\/\/www.vector.tn\/index.php\/wp-json\/wp\/v2\/media?parent=3031"}],"wp:term":[{"taxonomy":"product_brand","embeddable":true,"href":"https:\/\/www.vector.tn\/index.php\/wp-json\/wp\/v2\/product_brand?post=3031"},{"taxonomy":"product_cat","embeddable":true,"href":"https:\/\/www.vector.tn\/index.php\/wp-json\/wp\/v2\/product_cat?post=3031"},{"taxonomy":"product_tag","embeddable":true,"href":"https:\/\/www.vector.tn\/index.php\/wp-json\/wp\/v2\/product_tag?post=3031"}],"curies":[{"name":"wp","href":"https:\/\/api.w.org\/{rel}","templated":true}]}}