{"id":2985,"date":"2025-07-24T10:54:46","date_gmt":"2025-07-24T10:54:46","guid":{"rendered":"https:\/\/www.vector.tn\/?post_type=product&#038;p=2985"},"modified":"2025-12-23T00:00:57","modified_gmt":"2025-12-23T00:00:57","slug":"white-look","status":"publish","type":"product","link":"https:\/\/www.vector.tn\/index.php\/product\/white-look\/","title":{"rendered":"White Look"},"content":{"rendered":"<p><strong data-start=\"66\" data-end=\"127\">White Look \u2013 \u00c9l\u00e9gance naturelle en lin (chemise lin + pantalon lin + mocassin loafer)<\/strong><\/p>\n<p data-start=\"184\" data-end=\"498\">Misez sur la fra\u00eecheur et le raffinement avec ce <strong data-start=\"233\" data-end=\"247\">White Look<\/strong> compos\u00e9 d\u2019une <strong data-start=\"262\" data-end=\"287\">chemise en lin l\u00e9g\u00e8re<\/strong>, d\u2019un <strong data-start=\"294\" data-end=\"320\">pantalon en lin fluide<\/strong> et de <strong data-start=\"327\" data-end=\"360\">mocassins loafer sophistiqu\u00e9s<\/strong>. Con\u00e7u pour un style chic et respirant, cet ensemble est id\u00e9al pour l\u2019\u00e9t\u00e9, les occasions sp\u00e9ciales ou une allure d\u00e9contract\u00e9e \u00e9l\u00e9gante.<\/p>\n<p data-start=\"500\" data-end=\"524\"><strong data-start=\"500\" data-end=\"522\">Caract\u00e9ristiques :<\/strong><\/p>\n<ul data-start=\"525\" data-end=\"714\">\n<li data-start=\"525\" data-end=\"563\">\n<p data-start=\"527\" data-end=\"563\">Chemise en lin douce et respirante<\/p>\n<\/li>\n<li data-start=\"564\" data-end=\"604\">\n<p data-start=\"566\" data-end=\"604\">Pantalon en lin confortable et l\u00e9ger<\/p>\n<\/li>\n<li data-start=\"605\" data-end=\"646\">\n<p data-start=\"607\" data-end=\"646\">Mocassins loafer \u00e9l\u00e9gants et modernes<\/p>\n<\/li>\n<li data-start=\"647\" data-end=\"678\">\n<p data-start=\"649\" data-end=\"678\">Style 100 % chic et estival<\/p>\n<\/li>\n<li data-start=\"679\" data-end=\"714\">\n<p data-start=\"681\" data-end=\"714\">Disponible en plusieurs tailles et couleurs<\/p>\n<\/li>\n<\/ul>\n","protected":false},"excerpt":{"rendered":"<p><strong data-start=\"66\" data-end=\"127\">White Look \u2013 \u00c9l\u00e9gance naturelle en lin (chemise lin + pantalon lin + mocassin loafer)<\/strong><\/p>\n<p data-start=\"184\" data-end=\"498\">Misez sur la fra\u00eecheur et le raffinement avec ce <strong data-start=\"233\" data-end=\"247\">White Look<\/strong> compos\u00e9 d\u2019une <strong data-start=\"262\" data-end=\"287\">chemise en lin l\u00e9g\u00e8re<\/strong>, d\u2019un <strong data-start=\"294\" data-end=\"320\">pantalon en lin fluide<\/strong> et de <strong data-start=\"327\" data-end=\"360\">mocassins loafer sophistiqu\u00e9s<\/strong>. Con\u00e7u pour un style chic et respirant, cet ensemble est id\u00e9al pour l\u2019\u00e9t\u00e9, les occasions sp\u00e9ciales ou une allure d\u00e9contract\u00e9e \u00e9l\u00e9gante.<\/p>\n<p data-start=\"500\" data-end=\"524\"><strong data-start=\"500\" data-end=\"522\">Caract\u00e9ristiques :<\/strong><\/p>\n<ul data-start=\"525\" data-end=\"714\">\n<li data-start=\"525\" data-end=\"563\">\n<p data-start=\"527\" data-end=\"563\">Chemise en lin douce et respirante<\/p>\n<\/li>\n<li data-start=\"564\" data-end=\"604\">\n<p data-start=\"566\" data-end=\"604\">Pantalon en lin confortable et l\u00e9ger<\/p>\n<\/li>\n<li data-start=\"605\" data-end=\"646\">\n<p data-start=\"607\" data-end=\"646\">Mocassins loafer \u00e9l\u00e9gants et modernes<\/p>\n<\/li>\n<li data-start=\"647\" data-end=\"678\">\n<p data-start=\"649\" data-end=\"678\">Style 100 % chic et estival<\/p>\n<\/li>\n<li data-start=\"679\" data-end=\"714\">\n<p data-start=\"681\" data-end=\"714\">Disponible en plusieurs tailles et couleurs<\/p>\n<\/li>\n<\/ul>\n","protected":false},"featured_media":2908,"template":"","meta":[],"product_brand":[],"product_cat":[55],"product_tag":[],"class_list":{"0":"post-2985","1":"product","2":"type-product","3":"status-publish","4":"has-post-thumbnail","6":"product_cat-total-look","8":"first","9":"instock","10":"shipping-taxable","11":"purchasable","12":"product-type-simple","13":"layout-style-1","14":"col-md-4 col-sm-4 col-xs-6","15":"col-lg-3","16":"product-has-gallery","17":"product-style-default"},"yoast_head":"<!-- This site is optimized with the Yoast SEO plugin v25.7 - https:\/\/yoast.com\/wordpress\/plugins\/seo\/ -->\n<title>White Look - Vector<\/title>\n<meta name=\"robots\" content=\"index, follow, max-snippet:-1, max-image-preview:large, max-video-preview:-1\" \/>\n<link rel=\"canonical\" href=\"https:\/\/www.vector.tn\/index.php\/product\/white-look\/\" \/>\n<meta property=\"og:locale\" content=\"fr_FR\" \/>\n<meta property=\"og:type\" content=\"article\" \/>\n<meta property=\"og:title\" content=\"White Look - Vector\" \/>\n<meta property=\"og:description\" content=\"White Look \u2013 \u00c9l\u00e9gance naturelle en lin (chemise lin + pantalon lin + mocassin loafer) Misez sur la fra\u00eecheur et le raffinement avec ce White Look compos\u00e9 d\u2019une chemise en lin l\u00e9g\u00e8re, d\u2019un pantalon en lin fluide et de mocassins loafer sophistiqu\u00e9s. Con\u00e7u pour un style chic et respirant, cet ensemble est id\u00e9al pour l\u2019\u00e9t\u00e9, les occasions sp\u00e9ciales ou une allure d\u00e9contract\u00e9e \u00e9l\u00e9gante. Caract\u00e9ristiques :     Chemise en lin douce et respirante    Pantalon en lin confortable et l\u00e9ger    Mocassins loafer \u00e9l\u00e9gants et modernes    Style 100 % chic et estival    Disponible en plusieurs tailles et couleurs\" \/>\n<meta property=\"og:url\" content=\"https:\/\/www.vector.tn\/index.php\/product\/white-look\/\" \/>\n<meta property=\"og:site_name\" content=\"Vector\" \/>\n<meta property=\"article:publisher\" content=\"https:\/\/www.facebook.com\/VECTOR.Tunisie\" \/>\n<meta property=\"article:modified_time\" content=\"2025-12-23T00:00:57+00:00\" \/>\n<meta property=\"og:image\" content=\"https:\/\/www.vector.tn\/wp-content\/uploads\/2025\/07\/IMG_1042-Photoroom-15-scaled.jpg\" \/>\n\t<meta property=\"og:image:width\" content=\"1707\" \/>\n\t<meta property=\"og:image:height\" content=\"2560\" \/>\n\t<meta property=\"og:image:type\" content=\"image\/jpeg\" \/>\n<meta name=\"twitter:card\" content=\"summary_large_image\" \/>\n<meta name=\"twitter:label1\" content=\"Dur\u00e9e de lecture estim\u00e9e\" \/>\n\t<meta name=\"twitter:data1\" content=\"1 minute\" \/>\n<script type=\"application\/ld+json\" class=\"yoast-schema-graph\">{\"@context\":\"https:\/\/schema.org\",\"@graph\":[{\"@type\":\"WebPage\",\"@id\":\"https:\/\/www.vector.tn\/index.php\/product\/white-look\/\",\"url\":\"https:\/\/www.vector.tn\/index.php\/product\/white-look\/\",\"name\":\"White Look - Vector\",\"isPartOf\":{\"@id\":\"https:\/\/www.vector.tn\/#website\"},\"primaryImageOfPage\":{\"@id\":\"https:\/\/www.vector.tn\/index.php\/product\/white-look\/#primaryimage\"},\"image\":{\"@id\":\"https:\/\/www.vector.tn\/index.php\/product\/white-look\/#primaryimage\"},\"thumbnailUrl\":\"https:\/\/www.vector.tn\/wp-content\/uploads\/2025\/07\/IMG_1042-Photoroom-15-scaled.jpg\",\"datePublished\":\"2025-07-24T10:54:46+00:00\",\"dateModified\":\"2025-12-23T00:00:57+00:00\",\"breadcrumb\":{\"@id\":\"https:\/\/www.vector.tn\/index.php\/product\/white-look\/#breadcrumb\"},\"inLanguage\":\"fr-FR\",\"potentialAction\":[{\"@type\":\"ReadAction\",\"target\":[\"https:\/\/www.vector.tn\/index.php\/product\/white-look\/\"]}]},{\"@type\":\"ImageObject\",\"inLanguage\":\"fr-FR\",\"@id\":\"https:\/\/www.vector.tn\/index.php\/product\/white-look\/#primaryimage\",\"url\":\"https:\/\/www.vector.tn\/wp-content\/uploads\/2025\/07\/IMG_1042-Photoroom-15-scaled.jpg\",\"contentUrl\":\"https:\/\/www.vector.tn\/wp-content\/uploads\/2025\/07\/IMG_1042-Photoroom-15-scaled.jpg\",\"width\":1707,\"height\":2560},{\"@type\":\"BreadcrumbList\",\"@id\":\"https:\/\/www.vector.tn\/index.php\/product\/white-look\/#breadcrumb\",\"itemListElement\":[{\"@type\":\"ListItem\",\"position\":1,\"name\":\"Accueil\",\"item\":\"https:\/\/www.vector.tn\/\"},{\"@type\":\"ListItem\",\"position\":2,\"name\":\"Boutique\",\"item\":\"https:\/\/www.vector.tn\/index.php\/shop\/\"},{\"@type\":\"ListItem\",\"position\":3,\"name\":\"White Look\"}]},{\"@type\":\"WebSite\",\"@id\":\"https:\/\/www.vector.tn\/#website\",\"url\":\"https:\/\/www.vector.tn\/\",\"name\":\"Vector\",\"description\":\"VECTOR est une marque d\u00e9pos\u00e9e de pr\u00eat \u00e0 porter sp\u00e9cialis\u00e9 dans la vente des v\u00eatements pour hommes.\",\"publisher\":{\"@id\":\"https:\/\/www.vector.tn\/#organization\"},\"potentialAction\":[{\"@type\":\"SearchAction\",\"target\":{\"@type\":\"EntryPoint\",\"urlTemplate\":\"https:\/\/www.vector.tn\/?s={search_term_string}\"},\"query-input\":{\"@type\":\"PropertyValueSpecification\",\"valueRequired\":true,\"valueName\":\"search_term_string\"}}],\"inLanguage\":\"fr-FR\"},{\"@type\":\"Organization\",\"@id\":\"https:\/\/www.vector.tn\/#organization\",\"name\":\"Vector\",\"url\":\"https:\/\/www.vector.tn\/\",\"logo\":{\"@type\":\"ImageObject\",\"inLanguage\":\"fr-FR\",\"@id\":\"https:\/\/www.vector.tn\/#\/schema\/logo\/image\/\",\"url\":\"https:\/\/www.vector.tn\/wp-content\/uploads\/2025\/07\/logo_vector.png\",\"contentUrl\":\"https:\/\/www.vector.tn\/wp-content\/uploads\/2025\/07\/logo_vector.png\",\"width\":160,\"height\":48,\"caption\":\"Vector\"},\"image\":{\"@id\":\"https:\/\/www.vector.tn\/#\/schema\/logo\/image\/\"},\"sameAs\":[\"https:\/\/www.facebook.com\/VECTOR.Tunisie\"]}]}<\/script>\n<!-- \/ Yoast SEO plugin. -->","yoast_head_json":{"title":"White Look - Vector","robots":{"index":"index","follow":"follow","max-snippet":"max-snippet:-1","max-image-preview":"max-image-preview:large","max-video-preview":"max-video-preview:-1"},"canonical":"https:\/\/www.vector.tn\/index.php\/product\/white-look\/","og_locale":"fr_FR","og_type":"article","og_title":"White Look - Vector","og_description":"White Look \u2013 \u00c9l\u00e9gance naturelle en lin (chemise lin + pantalon lin + mocassin loafer) Misez sur la fra\u00eecheur et le raffinement avec ce White Look compos\u00e9 d\u2019une chemise en lin l\u00e9g\u00e8re, d\u2019un pantalon en lin fluide et de mocassins loafer sophistiqu\u00e9s. Con\u00e7u pour un style chic et respirant, cet ensemble est id\u00e9al pour l\u2019\u00e9t\u00e9, les occasions sp\u00e9ciales ou une allure d\u00e9contract\u00e9e \u00e9l\u00e9gante. Caract\u00e9ristiques :     Chemise en lin douce et respirante    Pantalon en lin confortable et l\u00e9ger    Mocassins loafer \u00e9l\u00e9gants et modernes    Style 100 % chic et estival    Disponible en plusieurs tailles et couleurs","og_url":"https:\/\/www.vector.tn\/index.php\/product\/white-look\/","og_site_name":"Vector","article_publisher":"https:\/\/www.facebook.com\/VECTOR.Tunisie","article_modified_time":"2025-12-23T00:00:57+00:00","og_image":[{"width":1707,"height":2560,"url":"https:\/\/www.vector.tn\/wp-content\/uploads\/2025\/07\/IMG_1042-Photoroom-15-scaled.jpg","type":"image\/jpeg"}],"twitter_card":"summary_large_image","twitter_misc":{"Dur\u00e9e de lecture estim\u00e9e":"1 minute"},"schema":{"@context":"https:\/\/schema.org","@graph":[{"@type":"WebPage","@id":"https:\/\/www.vector.tn\/index.php\/product\/white-look\/","url":"https:\/\/www.vector.tn\/index.php\/product\/white-look\/","name":"White Look - Vector","isPartOf":{"@id":"https:\/\/www.vector.tn\/#website"},"primaryImageOfPage":{"@id":"https:\/\/www.vector.tn\/index.php\/product\/white-look\/#primaryimage"},"image":{"@id":"https:\/\/www.vector.tn\/index.php\/product\/white-look\/#primaryimage"},"thumbnailUrl":"https:\/\/www.vector.tn\/wp-content\/uploads\/2025\/07\/IMG_1042-Photoroom-15-scaled.jpg","datePublished":"2025-07-24T10:54:46+00:00","dateModified":"2025-12-23T00:00:57+00:00","breadcrumb":{"@id":"https:\/\/www.vector.tn\/index.php\/product\/white-look\/#breadcrumb"},"inLanguage":"fr-FR","potentialAction":[{"@type":"ReadAction","target":["https:\/\/www.vector.tn\/index.php\/product\/white-look\/"]}]},{"@type":"ImageObject","inLanguage":"fr-FR","@id":"https:\/\/www.vector.tn\/index.php\/product\/white-look\/#primaryimage","url":"https:\/\/www.vector.tn\/wp-content\/uploads\/2025\/07\/IMG_1042-Photoroom-15-scaled.jpg","contentUrl":"https:\/\/www.vector.tn\/wp-content\/uploads\/2025\/07\/IMG_1042-Photoroom-15-scaled.jpg","width":1707,"height":2560},{"@type":"BreadcrumbList","@id":"https:\/\/www.vector.tn\/index.php\/product\/white-look\/#breadcrumb","itemListElement":[{"@type":"ListItem","position":1,"name":"Accueil","item":"https:\/\/www.vector.tn\/"},{"@type":"ListItem","position":2,"name":"Boutique","item":"https:\/\/www.vector.tn\/index.php\/shop\/"},{"@type":"ListItem","position":3,"name":"White Look"}]},{"@type":"WebSite","@id":"https:\/\/www.vector.tn\/#website","url":"https:\/\/www.vector.tn\/","name":"Vector","description":"VECTOR est une marque d\u00e9pos\u00e9e de pr\u00eat \u00e0 porter sp\u00e9cialis\u00e9 dans la vente des v\u00eatements pour hommes.","publisher":{"@id":"https:\/\/www.vector.tn\/#organization"},"potentialAction":[{"@type":"SearchAction","target":{"@type":"EntryPoint","urlTemplate":"https:\/\/www.vector.tn\/?s={search_term_string}"},"query-input":{"@type":"PropertyValueSpecification","valueRequired":true,"valueName":"search_term_string"}}],"inLanguage":"fr-FR"},{"@type":"Organization","@id":"https:\/\/www.vector.tn\/#organization","name":"Vector","url":"https:\/\/www.vector.tn\/","logo":{"@type":"ImageObject","inLanguage":"fr-FR","@id":"https:\/\/www.vector.tn\/#\/schema\/logo\/image\/","url":"https:\/\/www.vector.tn\/wp-content\/uploads\/2025\/07\/logo_vector.png","contentUrl":"https:\/\/www.vector.tn\/wp-content\/uploads\/2025\/07\/logo_vector.png","width":160,"height":48,"caption":"Vector"},"image":{"@id":"https:\/\/www.vector.tn\/#\/schema\/logo\/image\/"},"sameAs":["https:\/\/www.facebook.com\/VECTOR.Tunisie"]}]}},"_links":{"self":[{"href":"https:\/\/www.vector.tn\/index.php\/wp-json\/wp\/v2\/product\/2985","targetHints":{"allow":["GET"]}}],"collection":[{"href":"https:\/\/www.vector.tn\/index.php\/wp-json\/wp\/v2\/product"}],"about":[{"href":"https:\/\/www.vector.tn\/index.php\/wp-json\/wp\/v2\/types\/product"}],"wp:featuredmedia":[{"embeddable":true,"href":"https:\/\/www.vector.tn\/index.php\/wp-json\/wp\/v2\/media\/2908"}],"wp:attachment":[{"href":"https:\/\/www.vector.tn\/index.php\/wp-json\/wp\/v2\/media?parent=2985"}],"wp:term":[{"taxonomy":"product_brand","embeddable":true,"href":"https:\/\/www.vector.tn\/index.php\/wp-json\/wp\/v2\/product_brand?post=2985"},{"taxonomy":"product_cat","embeddable":true,"href":"https:\/\/www.vector.tn\/index.php\/wp-json\/wp\/v2\/product_cat?post=2985"},{"taxonomy":"product_tag","embeddable":true,"href":"https:\/\/www.vector.tn\/index.php\/wp-json\/wp\/v2\/product_tag?post=2985"}],"curies":[{"name":"wp","href":"https:\/\/api.w.org\/{rel}","templated":true}]}}