{"id":2823,"date":"2025-07-18T14:13:47","date_gmt":"2025-07-18T14:13:47","guid":{"rendered":"https:\/\/www.vector.tn\/?post_type=product&#038;p=2823"},"modified":"2025-12-23T00:00:56","modified_gmt":"2025-12-23T00:00:56","slug":"polo-structure-jacquard","status":"publish","type":"product","link":"https:\/\/www.vector.tn\/index.php\/product\/polo-structure-jacquard\/","title":{"rendered":"Polo structure jacquard"},"content":{"rendered":"<p data-start=\"122\" data-end=\"523\">D\u00e9couvrez le <strong data-start=\"155\" data-end=\"182\">polo structure jacquard<\/strong>, alliant style moderne et confort quotidien. Confectionn\u00e9 en coton de qualit\u00e9, il se distingue par sa <strong data-start=\"285\" data-end=\"315\">texture jacquard originale<\/strong> qui apporte raffinement et \u00e9l\u00e9gance \u00e0 toutes vos tenues. Sa coupe classique et ses manches courtes assurent une grande libert\u00e9 de mouvement, id\u00e9ale pour un look d\u00e9contract\u00e9 ou sophistiqu\u00e9 selon vos envies.<\/p>\n<p data-start=\"525\" data-end=\"549\"><strong data-start=\"525\" data-end=\"547\">Caract\u00e9ristiques :<\/strong><\/p>\n<ul data-start=\"550\" data-end=\"762\">\n<li data-start=\"550\" data-end=\"583\">\n<p data-start=\"552\" data-end=\"583\">100\u202f% coton doux et r\u00e9sistant<\/p>\n<\/li>\n<li data-start=\"584\" data-end=\"613\">\n<p data-start=\"586\" data-end=\"613\">Structure jacquard unique<\/p>\n<\/li>\n<li data-start=\"614\" data-end=\"649\">\n<p data-start=\"616\" data-end=\"649\">Col classique \u00e0 patte boutonn\u00e9e<\/p>\n<\/li>\n<li data-start=\"650\" data-end=\"682\">\n<p data-start=\"652\" data-end=\"682\">Manches courtes confortables<\/p>\n<\/li>\n<li data-start=\"683\" data-end=\"715\">\n<p data-start=\"685\" data-end=\"715\">Coupe moderne et confortable<\/p>\n<\/li>\n<li data-start=\"716\" data-end=\"762\">\n<p data-start=\"718\" data-end=\"762\">Disponible en plusieurs tailles et coloris<\/p>\n<\/li>\n<\/ul>\n","protected":false},"excerpt":{"rendered":"<p data-start=\"122\" data-end=\"523\">D\u00e9couvrez le <strong data-start=\"155\" data-end=\"182\">polo structure jacquard<\/strong>, alliant style moderne et confort quotidien. Confectionn\u00e9 en coton de qualit\u00e9, il se distingue par sa <strong data-start=\"285\" data-end=\"315\">texture jacquard originale<\/strong> qui apporte raffinement et \u00e9l\u00e9gance \u00e0 toutes vos tenues. Sa coupe classique et ses manches courtes assurent une grande libert\u00e9 de mouvement, id\u00e9ale pour un look d\u00e9contract\u00e9 ou sophistiqu\u00e9 selon vos envies.<\/p>\n<p data-start=\"525\" data-end=\"549\"><strong data-start=\"525\" data-end=\"547\">Caract\u00e9ristiques :<\/strong><\/p>\n<ul data-start=\"550\" data-end=\"762\">\n<li data-start=\"550\" data-end=\"583\">\n<p data-start=\"552\" data-end=\"583\">100\u202f% coton doux et r\u00e9sistant<\/p>\n<\/li>\n<li data-start=\"584\" data-end=\"613\">\n<p data-start=\"586\" data-end=\"613\">Structure jacquard unique<\/p>\n<\/li>\n<li data-start=\"614\" data-end=\"649\">\n<p data-start=\"616\" data-end=\"649\">Col classique \u00e0 patte boutonn\u00e9e<\/p>\n<\/li>\n<li data-start=\"650\" data-end=\"682\">\n<p data-start=\"652\" data-end=\"682\">Manches courtes confortables<\/p>\n<\/li>\n<li data-start=\"683\" data-end=\"715\">\n<p data-start=\"685\" data-end=\"715\">Coupe moderne et confortable<\/p>\n<\/li>\n<li data-start=\"716\" data-end=\"762\">\n<p data-start=\"718\" data-end=\"762\">Disponible en plusieurs tailles et coloris<\/p>\n<\/li>\n<\/ul>\n","protected":false},"featured_media":2838,"template":"","meta":[],"product_brand":[],"product_cat":[15],"product_tag":[],"class_list":{"0":"post-2823","1":"product","2":"type-product","3":"status-publish","4":"has-post-thumbnail","6":"product_cat-uncategorized","8":"first","9":"instock","10":"shipping-taxable","11":"purchasable","12":"product-type-simple","13":"layout-style-1","14":"col-md-4 col-sm-4 col-xs-6","15":"col-lg-3","16":"product-has-gallery","17":"product-style-default"},"yoast_head":"<!-- This site is optimized with the Yoast SEO plugin v25.7 - https:\/\/yoast.com\/wordpress\/plugins\/seo\/ -->\n<title>Polo structure jacquard - Vector<\/title>\n<meta name=\"robots\" content=\"index, follow, max-snippet:-1, max-image-preview:large, max-video-preview:-1\" \/>\n<link rel=\"canonical\" href=\"https:\/\/www.vector.tn\/index.php\/product\/polo-structure-jacquard\/\" \/>\n<meta property=\"og:locale\" content=\"fr_FR\" \/>\n<meta property=\"og:type\" content=\"article\" \/>\n<meta property=\"og:title\" content=\"Polo structure jacquard - Vector\" \/>\n<meta property=\"og:description\" content=\"D\u00e9couvrez le polo structure jacquard, alliant style moderne et confort quotidien. Confectionn\u00e9 en coton de qualit\u00e9, il se distingue par sa texture jacquard originale qui apporte raffinement et \u00e9l\u00e9gance \u00e0 toutes vos tenues. Sa coupe classique et ses manches courtes assurent une grande libert\u00e9 de mouvement, id\u00e9ale pour un look d\u00e9contract\u00e9 ou sophistiqu\u00e9 selon vos envies. Caract\u00e9ristiques :     100\u202f% coton doux et r\u00e9sistant    Structure jacquard unique    Col classique \u00e0 patte boutonn\u00e9e    Manches courtes confortables    Coupe moderne et confortable    Disponible en plusieurs tailles et coloris\" \/>\n<meta property=\"og:url\" content=\"https:\/\/www.vector.tn\/index.php\/product\/polo-structure-jacquard\/\" \/>\n<meta property=\"og:site_name\" content=\"Vector\" \/>\n<meta property=\"article:publisher\" content=\"https:\/\/www.facebook.com\/VECTOR.Tunisie\" \/>\n<meta property=\"article:modified_time\" content=\"2025-12-23T00:00:56+00:00\" \/>\n<meta property=\"og:image\" content=\"https:\/\/www.vector.tn\/wp-content\/uploads\/2025\/07\/IMG_0899-Photoroom-scaled.jpg\" \/>\n\t<meta property=\"og:image:width\" content=\"1707\" \/>\n\t<meta property=\"og:image:height\" content=\"2560\" \/>\n\t<meta property=\"og:image:type\" content=\"image\/jpeg\" \/>\n<meta name=\"twitter:card\" content=\"summary_large_image\" \/>\n<meta name=\"twitter:label1\" content=\"Dur\u00e9e de lecture estim\u00e9e\" \/>\n\t<meta name=\"twitter:data1\" content=\"1 minute\" \/>\n<script type=\"application\/ld+json\" class=\"yoast-schema-graph\">{\"@context\":\"https:\/\/schema.org\",\"@graph\":[{\"@type\":\"WebPage\",\"@id\":\"https:\/\/www.vector.tn\/index.php\/product\/polo-structure-jacquard\/\",\"url\":\"https:\/\/www.vector.tn\/index.php\/product\/polo-structure-jacquard\/\",\"name\":\"Polo structure jacquard - Vector\",\"isPartOf\":{\"@id\":\"https:\/\/www.vector.tn\/#website\"},\"primaryImageOfPage\":{\"@id\":\"https:\/\/www.vector.tn\/index.php\/product\/polo-structure-jacquard\/#primaryimage\"},\"image\":{\"@id\":\"https:\/\/www.vector.tn\/index.php\/product\/polo-structure-jacquard\/#primaryimage\"},\"thumbnailUrl\":\"https:\/\/www.vector.tn\/wp-content\/uploads\/2025\/07\/IMG_0899-Photoroom-scaled.jpg\",\"datePublished\":\"2025-07-18T14:13:47+00:00\",\"dateModified\":\"2025-12-23T00:00:56+00:00\",\"breadcrumb\":{\"@id\":\"https:\/\/www.vector.tn\/index.php\/product\/polo-structure-jacquard\/#breadcrumb\"},\"inLanguage\":\"fr-FR\",\"potentialAction\":[{\"@type\":\"ReadAction\",\"target\":[\"https:\/\/www.vector.tn\/index.php\/product\/polo-structure-jacquard\/\"]}]},{\"@type\":\"ImageObject\",\"inLanguage\":\"fr-FR\",\"@id\":\"https:\/\/www.vector.tn\/index.php\/product\/polo-structure-jacquard\/#primaryimage\",\"url\":\"https:\/\/www.vector.tn\/wp-content\/uploads\/2025\/07\/IMG_0899-Photoroom-scaled.jpg\",\"contentUrl\":\"https:\/\/www.vector.tn\/wp-content\/uploads\/2025\/07\/IMG_0899-Photoroom-scaled.jpg\",\"width\":1707,\"height\":2560},{\"@type\":\"BreadcrumbList\",\"@id\":\"https:\/\/www.vector.tn\/index.php\/product\/polo-structure-jacquard\/#breadcrumb\",\"itemListElement\":[{\"@type\":\"ListItem\",\"position\":1,\"name\":\"Accueil\",\"item\":\"https:\/\/www.vector.tn\/\"},{\"@type\":\"ListItem\",\"position\":2,\"name\":\"Boutique\",\"item\":\"https:\/\/www.vector.tn\/index.php\/shop\/\"},{\"@type\":\"ListItem\",\"position\":3,\"name\":\"Polo structure jacquard\"}]},{\"@type\":\"WebSite\",\"@id\":\"https:\/\/www.vector.tn\/#website\",\"url\":\"https:\/\/www.vector.tn\/\",\"name\":\"Vector\",\"description\":\"VECTOR est une marque d\u00e9pos\u00e9e de pr\u00eat \u00e0 porter sp\u00e9cialis\u00e9 dans la vente des v\u00eatements pour hommes.\",\"publisher\":{\"@id\":\"https:\/\/www.vector.tn\/#organization\"},\"potentialAction\":[{\"@type\":\"SearchAction\",\"target\":{\"@type\":\"EntryPoint\",\"urlTemplate\":\"https:\/\/www.vector.tn\/?s={search_term_string}\"},\"query-input\":{\"@type\":\"PropertyValueSpecification\",\"valueRequired\":true,\"valueName\":\"search_term_string\"}}],\"inLanguage\":\"fr-FR\"},{\"@type\":\"Organization\",\"@id\":\"https:\/\/www.vector.tn\/#organization\",\"name\":\"Vector\",\"url\":\"https:\/\/www.vector.tn\/\",\"logo\":{\"@type\":\"ImageObject\",\"inLanguage\":\"fr-FR\",\"@id\":\"https:\/\/www.vector.tn\/#\/schema\/logo\/image\/\",\"url\":\"https:\/\/www.vector.tn\/wp-content\/uploads\/2025\/07\/logo_vector.png\",\"contentUrl\":\"https:\/\/www.vector.tn\/wp-content\/uploads\/2025\/07\/logo_vector.png\",\"width\":160,\"height\":48,\"caption\":\"Vector\"},\"image\":{\"@id\":\"https:\/\/www.vector.tn\/#\/schema\/logo\/image\/\"},\"sameAs\":[\"https:\/\/www.facebook.com\/VECTOR.Tunisie\"]}]}<\/script>\n<!-- \/ Yoast SEO plugin. -->","yoast_head_json":{"title":"Polo structure jacquard - Vector","robots":{"index":"index","follow":"follow","max-snippet":"max-snippet:-1","max-image-preview":"max-image-preview:large","max-video-preview":"max-video-preview:-1"},"canonical":"https:\/\/www.vector.tn\/index.php\/product\/polo-structure-jacquard\/","og_locale":"fr_FR","og_type":"article","og_title":"Polo structure jacquard - Vector","og_description":"D\u00e9couvrez le polo structure jacquard, alliant style moderne et confort quotidien. Confectionn\u00e9 en coton de qualit\u00e9, il se distingue par sa texture jacquard originale qui apporte raffinement et \u00e9l\u00e9gance \u00e0 toutes vos tenues. Sa coupe classique et ses manches courtes assurent une grande libert\u00e9 de mouvement, id\u00e9ale pour un look d\u00e9contract\u00e9 ou sophistiqu\u00e9 selon vos envies. Caract\u00e9ristiques :     100\u202f% coton doux et r\u00e9sistant    Structure jacquard unique    Col classique \u00e0 patte boutonn\u00e9e    Manches courtes confortables    Coupe moderne et confortable    Disponible en plusieurs tailles et coloris","og_url":"https:\/\/www.vector.tn\/index.php\/product\/polo-structure-jacquard\/","og_site_name":"Vector","article_publisher":"https:\/\/www.facebook.com\/VECTOR.Tunisie","article_modified_time":"2025-12-23T00:00:56+00:00","og_image":[{"width":1707,"height":2560,"url":"https:\/\/www.vector.tn\/wp-content\/uploads\/2025\/07\/IMG_0899-Photoroom-scaled.jpg","type":"image\/jpeg"}],"twitter_card":"summary_large_image","twitter_misc":{"Dur\u00e9e de lecture estim\u00e9e":"1 minute"},"schema":{"@context":"https:\/\/schema.org","@graph":[{"@type":"WebPage","@id":"https:\/\/www.vector.tn\/index.php\/product\/polo-structure-jacquard\/","url":"https:\/\/www.vector.tn\/index.php\/product\/polo-structure-jacquard\/","name":"Polo structure jacquard - Vector","isPartOf":{"@id":"https:\/\/www.vector.tn\/#website"},"primaryImageOfPage":{"@id":"https:\/\/www.vector.tn\/index.php\/product\/polo-structure-jacquard\/#primaryimage"},"image":{"@id":"https:\/\/www.vector.tn\/index.php\/product\/polo-structure-jacquard\/#primaryimage"},"thumbnailUrl":"https:\/\/www.vector.tn\/wp-content\/uploads\/2025\/07\/IMG_0899-Photoroom-scaled.jpg","datePublished":"2025-07-18T14:13:47+00:00","dateModified":"2025-12-23T00:00:56+00:00","breadcrumb":{"@id":"https:\/\/www.vector.tn\/index.php\/product\/polo-structure-jacquard\/#breadcrumb"},"inLanguage":"fr-FR","potentialAction":[{"@type":"ReadAction","target":["https:\/\/www.vector.tn\/index.php\/product\/polo-structure-jacquard\/"]}]},{"@type":"ImageObject","inLanguage":"fr-FR","@id":"https:\/\/www.vector.tn\/index.php\/product\/polo-structure-jacquard\/#primaryimage","url":"https:\/\/www.vector.tn\/wp-content\/uploads\/2025\/07\/IMG_0899-Photoroom-scaled.jpg","contentUrl":"https:\/\/www.vector.tn\/wp-content\/uploads\/2025\/07\/IMG_0899-Photoroom-scaled.jpg","width":1707,"height":2560},{"@type":"BreadcrumbList","@id":"https:\/\/www.vector.tn\/index.php\/product\/polo-structure-jacquard\/#breadcrumb","itemListElement":[{"@type":"ListItem","position":1,"name":"Accueil","item":"https:\/\/www.vector.tn\/"},{"@type":"ListItem","position":2,"name":"Boutique","item":"https:\/\/www.vector.tn\/index.php\/shop\/"},{"@type":"ListItem","position":3,"name":"Polo structure jacquard"}]},{"@type":"WebSite","@id":"https:\/\/www.vector.tn\/#website","url":"https:\/\/www.vector.tn\/","name":"Vector","description":"VECTOR est une marque d\u00e9pos\u00e9e de pr\u00eat \u00e0 porter sp\u00e9cialis\u00e9 dans la vente des v\u00eatements pour hommes.","publisher":{"@id":"https:\/\/www.vector.tn\/#organization"},"potentialAction":[{"@type":"SearchAction","target":{"@type":"EntryPoint","urlTemplate":"https:\/\/www.vector.tn\/?s={search_term_string}"},"query-input":{"@type":"PropertyValueSpecification","valueRequired":true,"valueName":"search_term_string"}}],"inLanguage":"fr-FR"},{"@type":"Organization","@id":"https:\/\/www.vector.tn\/#organization","name":"Vector","url":"https:\/\/www.vector.tn\/","logo":{"@type":"ImageObject","inLanguage":"fr-FR","@id":"https:\/\/www.vector.tn\/#\/schema\/logo\/image\/","url":"https:\/\/www.vector.tn\/wp-content\/uploads\/2025\/07\/logo_vector.png","contentUrl":"https:\/\/www.vector.tn\/wp-content\/uploads\/2025\/07\/logo_vector.png","width":160,"height":48,"caption":"Vector"},"image":{"@id":"https:\/\/www.vector.tn\/#\/schema\/logo\/image\/"},"sameAs":["https:\/\/www.facebook.com\/VECTOR.Tunisie"]}]}},"_links":{"self":[{"href":"https:\/\/www.vector.tn\/index.php\/wp-json\/wp\/v2\/product\/2823","targetHints":{"allow":["GET"]}}],"collection":[{"href":"https:\/\/www.vector.tn\/index.php\/wp-json\/wp\/v2\/product"}],"about":[{"href":"https:\/\/www.vector.tn\/index.php\/wp-json\/wp\/v2\/types\/product"}],"wp:featuredmedia":[{"embeddable":true,"href":"https:\/\/www.vector.tn\/index.php\/wp-json\/wp\/v2\/media\/2838"}],"wp:attachment":[{"href":"https:\/\/www.vector.tn\/index.php\/wp-json\/wp\/v2\/media?parent=2823"}],"wp:term":[{"taxonomy":"product_brand","embeddable":true,"href":"https:\/\/www.vector.tn\/index.php\/wp-json\/wp\/v2\/product_brand?post=2823"},{"taxonomy":"product_cat","embeddable":true,"href":"https:\/\/www.vector.tn\/index.php\/wp-json\/wp\/v2\/product_cat?post=2823"},{"taxonomy":"product_tag","embeddable":true,"href":"https:\/\/www.vector.tn\/index.php\/wp-json\/wp\/v2\/product_tag?post=2823"}],"curies":[{"name":"wp","href":"https:\/\/api.w.org\/{rel}","templated":true}]}}