{"id":2802,"date":"2025-07-18T13:37:29","date_gmt":"2025-07-18T13:37:29","guid":{"rendered":"https:\/\/www.vector.tn\/?post_type=product&#038;p=2802"},"modified":"2025-12-23T00:00:56","modified_gmt":"2025-12-23T00:00:56","slug":"polo-structure-verticale","status":"publish","type":"product","link":"https:\/\/www.vector.tn\/index.php\/product\/polo-structure-verticale\/","title":{"rendered":"POLO STRUCTURE VERTICALE"},"content":{"rendered":"<p data-start=\"72\" data-end=\"121\"><strong data-start=\"72\" data-end=\"119\">POLO STRUCTURE VERTICALE \u2013 Confort et style<\/strong><\/p>\n<p data-start=\"123\" data-end=\"472\">Alliez \u00e9l\u00e9gance et confort avec notre <strong data-start=\"161\" data-end=\"189\">POLO STRUCTURE VERTICALE<\/strong> en coton doux. Sa <strong data-start=\"208\" data-end=\"238\">structure verticale unique<\/strong> apporte une touche moderne \u00e0 votre tenue, tandis que sa coupe classique garantit libert\u00e9 de mouvement et confort toute la journ\u00e9e. Parfait pour un look d\u00e9contract\u00e9 ou chic, il se porte facilement avec un jean, un chino ou un short.<\/p>\n<p data-start=\"1007\" data-end=\"1031\"><strong data-start=\"1007\" data-end=\"1029\">Caract\u00e9ristiques :<\/strong><\/p>\n<ul data-start=\"1032\" data-end=\"1216\">\n<li data-start=\"1032\" data-end=\"1065\">\n<p data-start=\"1034\" data-end=\"1065\">80 % viscose 20% Licra<\/p>\n<\/li>\n<li data-start=\"1066\" data-end=\"1099\">\n<p data-start=\"1068\" data-end=\"1099\">Structure verticale originale<\/p>\n<\/li>\n<li data-start=\"1100\" data-end=\"1135\">\n<p data-start=\"1102\" data-end=\"1135\">Col rabat avec ouverture devant<\/p>\n<\/li>\n<li data-start=\"1136\" data-end=\"1168\">\n<p data-start=\"1138\" data-end=\"1168\">Manches courtes confortables<\/p>\n<\/li>\n<li data-start=\"1169\" data-end=\"1216\">\n<p data-start=\"1171\" data-end=\"1216\">Disponible en plusieurs tailles<\/p>\n<\/li>\n<\/ul>\n<p data-start=\"1218\" data-end=\"1312\">Optez pour <strong data-start=\"1229\" data-end=\"1260\">le POLO STRUCTURE VERTICALE<\/strong> et alliez style, confort et qualit\u00e9 au quotidien.<\/p>\n","protected":false},"excerpt":{"rendered":"<p data-start=\"72\" data-end=\"121\"><strong data-start=\"72\" data-end=\"119\">POLO STRUCTURE VERTICALE \u2013 Confort et style<\/strong><\/p>\n<p data-start=\"123\" data-end=\"472\">Alliez \u00e9l\u00e9gance et confort avec notre <strong data-start=\"161\" data-end=\"189\">POLO STRUCTURE VERTICALE<\/strong> en coton doux. Sa <strong data-start=\"208\" data-end=\"238\">structure verticale unique<\/strong> apporte une touche moderne \u00e0 votre tenue, tandis que sa coupe classique garantit libert\u00e9 de mouvement et confort toute la journ\u00e9e. Parfait pour un look d\u00e9contract\u00e9 ou chic, il se porte facilement avec un jean, un chino ou un short.<\/p>\n<p data-start=\"1007\" data-end=\"1031\"><strong data-start=\"1007\" data-end=\"1029\">Caract\u00e9ristiques :<\/strong><\/p>\n<ul data-start=\"1032\" data-end=\"1216\">\n<li data-start=\"1032\" data-end=\"1065\">\n<p data-start=\"1034\" data-end=\"1065\">80 % viscose 20% Licra<\/p>\n<\/li>\n<li data-start=\"1066\" data-end=\"1099\">\n<p data-start=\"1068\" data-end=\"1099\">Structure verticale originale<\/p>\n<\/li>\n<li data-start=\"1100\" data-end=\"1135\">\n<p data-start=\"1102\" data-end=\"1135\">Col rabat avec ouverture devant<\/p>\n<\/li>\n<li data-start=\"1136\" data-end=\"1168\">\n<p data-start=\"1138\" data-end=\"1168\">Manches courtes confortables<\/p>\n<\/li>\n<li data-start=\"1169\" data-end=\"1216\">\n<p data-start=\"1171\" data-end=\"1216\">Disponible en plusieurs tailles<\/p>\n<\/li>\n<\/ul>\n<p><!--more--><\/p>\n<p data-start=\"1218\" data-end=\"1312\">Optez pour <strong data-start=\"1229\" data-end=\"1260\">le POLO STRUCTURE VERTICALE<\/strong> et alliez style, confort et qualit\u00e9 au quotidien.<\/p>\n","protected":false},"featured_media":2816,"template":"","meta":[],"product_brand":[],"product_cat":[53],"product_tag":[],"class_list":{"0":"post-2802","1":"product","2":"type-product","3":"status-publish","4":"has-post-thumbnail","6":"product_cat-polo","8":"first","9":"instock","10":"shipping-taxable","11":"purchasable","12":"product-type-simple","13":"layout-style-1","14":"col-md-4 col-sm-4 col-xs-6","15":"col-lg-3","16":"product-has-gallery","17":"product-style-default"},"yoast_head":"<!-- This site is optimized with the Yoast SEO plugin v25.7 - https:\/\/yoast.com\/wordpress\/plugins\/seo\/ -->\n<title>POLO STRUCTURE VERTICALE - Vector<\/title>\n<meta name=\"robots\" content=\"index, follow, max-snippet:-1, max-image-preview:large, max-video-preview:-1\" \/>\n<link rel=\"canonical\" href=\"https:\/\/www.vector.tn\/index.php\/product\/polo-structure-verticale\/\" \/>\n<meta property=\"og:locale\" content=\"fr_FR\" \/>\n<meta property=\"og:type\" content=\"article\" \/>\n<meta property=\"og:title\" content=\"POLO STRUCTURE VERTICALE - Vector\" \/>\n<meta property=\"og:description\" content=\"POLO STRUCTURE VERTICALE \u2013 Confort et style Alliez \u00e9l\u00e9gance et confort avec notre POLO STRUCTURE VERTICALE en coton doux. Sa structure verticale unique apporte une touche moderne \u00e0 votre tenue, tandis que sa coupe classique garantit libert\u00e9 de mouvement et confort toute la journ\u00e9e. Parfait pour un look d\u00e9contract\u00e9 ou chic, il se porte facilement avec un jean, un chino ou un short. Caract\u00e9ristiques :     80 % viscose 20% Licra    Structure verticale originale    Col rabat avec ouverture devant    Manches courtes confortables    Disponible en plusieurs tailles    Optez pour le POLO STRUCTURE VERTICALE et alliez style, confort et qualit\u00e9 au quotidien.\" \/>\n<meta property=\"og:url\" content=\"https:\/\/www.vector.tn\/index.php\/product\/polo-structure-verticale\/\" \/>\n<meta property=\"og:site_name\" content=\"Vector\" \/>\n<meta property=\"article:publisher\" content=\"https:\/\/www.facebook.com\/VECTOR.Tunisie\" \/>\n<meta property=\"article:modified_time\" content=\"2025-12-23T00:00:56+00:00\" \/>\n<meta property=\"og:image\" content=\"https:\/\/www.vector.tn\/wp-content\/uploads\/2025\/07\/IMG_0851-Photoroom-1-scaled.jpg\" \/>\n\t<meta property=\"og:image:width\" content=\"1707\" \/>\n\t<meta property=\"og:image:height\" content=\"2560\" \/>\n\t<meta property=\"og:image:type\" content=\"image\/jpeg\" \/>\n<meta name=\"twitter:card\" content=\"summary_large_image\" \/>\n<meta name=\"twitter:label1\" content=\"Dur\u00e9e de lecture estim\u00e9e\" \/>\n\t<meta name=\"twitter:data1\" content=\"1 minute\" \/>\n<script type=\"application\/ld+json\" class=\"yoast-schema-graph\">{\"@context\":\"https:\/\/schema.org\",\"@graph\":[{\"@type\":\"WebPage\",\"@id\":\"https:\/\/www.vector.tn\/index.php\/product\/polo-structure-verticale\/\",\"url\":\"https:\/\/www.vector.tn\/index.php\/product\/polo-structure-verticale\/\",\"name\":\"POLO STRUCTURE VERTICALE - Vector\",\"isPartOf\":{\"@id\":\"https:\/\/www.vector.tn\/#website\"},\"primaryImageOfPage\":{\"@id\":\"https:\/\/www.vector.tn\/index.php\/product\/polo-structure-verticale\/#primaryimage\"},\"image\":{\"@id\":\"https:\/\/www.vector.tn\/index.php\/product\/polo-structure-verticale\/#primaryimage\"},\"thumbnailUrl\":\"https:\/\/www.vector.tn\/wp-content\/uploads\/2025\/07\/IMG_0851-Photoroom-1-scaled.jpg\",\"datePublished\":\"2025-07-18T13:37:29+00:00\",\"dateModified\":\"2025-12-23T00:00:56+00:00\",\"breadcrumb\":{\"@id\":\"https:\/\/www.vector.tn\/index.php\/product\/polo-structure-verticale\/#breadcrumb\"},\"inLanguage\":\"fr-FR\",\"potentialAction\":[{\"@type\":\"ReadAction\",\"target\":[\"https:\/\/www.vector.tn\/index.php\/product\/polo-structure-verticale\/\"]}]},{\"@type\":\"ImageObject\",\"inLanguage\":\"fr-FR\",\"@id\":\"https:\/\/www.vector.tn\/index.php\/product\/polo-structure-verticale\/#primaryimage\",\"url\":\"https:\/\/www.vector.tn\/wp-content\/uploads\/2025\/07\/IMG_0851-Photoroom-1-scaled.jpg\",\"contentUrl\":\"https:\/\/www.vector.tn\/wp-content\/uploads\/2025\/07\/IMG_0851-Photoroom-1-scaled.jpg\",\"width\":1707,\"height\":2560},{\"@type\":\"BreadcrumbList\",\"@id\":\"https:\/\/www.vector.tn\/index.php\/product\/polo-structure-verticale\/#breadcrumb\",\"itemListElement\":[{\"@type\":\"ListItem\",\"position\":1,\"name\":\"Accueil\",\"item\":\"https:\/\/www.vector.tn\/\"},{\"@type\":\"ListItem\",\"position\":2,\"name\":\"Boutique\",\"item\":\"https:\/\/www.vector.tn\/index.php\/shop\/\"},{\"@type\":\"ListItem\",\"position\":3,\"name\":\"POLO STRUCTURE VERTICALE\"}]},{\"@type\":\"WebSite\",\"@id\":\"https:\/\/www.vector.tn\/#website\",\"url\":\"https:\/\/www.vector.tn\/\",\"name\":\"Vector\",\"description\":\"VECTOR est une marque d\u00e9pos\u00e9e de pr\u00eat \u00e0 porter sp\u00e9cialis\u00e9 dans la vente des v\u00eatements pour hommes.\",\"publisher\":{\"@id\":\"https:\/\/www.vector.tn\/#organization\"},\"potentialAction\":[{\"@type\":\"SearchAction\",\"target\":{\"@type\":\"EntryPoint\",\"urlTemplate\":\"https:\/\/www.vector.tn\/?s={search_term_string}\"},\"query-input\":{\"@type\":\"PropertyValueSpecification\",\"valueRequired\":true,\"valueName\":\"search_term_string\"}}],\"inLanguage\":\"fr-FR\"},{\"@type\":\"Organization\",\"@id\":\"https:\/\/www.vector.tn\/#organization\",\"name\":\"Vector\",\"url\":\"https:\/\/www.vector.tn\/\",\"logo\":{\"@type\":\"ImageObject\",\"inLanguage\":\"fr-FR\",\"@id\":\"https:\/\/www.vector.tn\/#\/schema\/logo\/image\/\",\"url\":\"https:\/\/www.vector.tn\/wp-content\/uploads\/2025\/07\/logo_vector.png\",\"contentUrl\":\"https:\/\/www.vector.tn\/wp-content\/uploads\/2025\/07\/logo_vector.png\",\"width\":160,\"height\":48,\"caption\":\"Vector\"},\"image\":{\"@id\":\"https:\/\/www.vector.tn\/#\/schema\/logo\/image\/\"},\"sameAs\":[\"https:\/\/www.facebook.com\/VECTOR.Tunisie\"]}]}<\/script>\n<!-- \/ Yoast SEO plugin. -->","yoast_head_json":{"title":"POLO STRUCTURE VERTICALE - Vector","robots":{"index":"index","follow":"follow","max-snippet":"max-snippet:-1","max-image-preview":"max-image-preview:large","max-video-preview":"max-video-preview:-1"},"canonical":"https:\/\/www.vector.tn\/index.php\/product\/polo-structure-verticale\/","og_locale":"fr_FR","og_type":"article","og_title":"POLO STRUCTURE VERTICALE - Vector","og_description":"POLO STRUCTURE VERTICALE \u2013 Confort et style Alliez \u00e9l\u00e9gance et confort avec notre POLO STRUCTURE VERTICALE en coton doux. Sa structure verticale unique apporte une touche moderne \u00e0 votre tenue, tandis que sa coupe classique garantit libert\u00e9 de mouvement et confort toute la journ\u00e9e. Parfait pour un look d\u00e9contract\u00e9 ou chic, il se porte facilement avec un jean, un chino ou un short. Caract\u00e9ristiques :     80 % viscose 20% Licra    Structure verticale originale    Col rabat avec ouverture devant    Manches courtes confortables    Disponible en plusieurs tailles    Optez pour le POLO STRUCTURE VERTICALE et alliez style, confort et qualit\u00e9 au quotidien.","og_url":"https:\/\/www.vector.tn\/index.php\/product\/polo-structure-verticale\/","og_site_name":"Vector","article_publisher":"https:\/\/www.facebook.com\/VECTOR.Tunisie","article_modified_time":"2025-12-23T00:00:56+00:00","og_image":[{"width":1707,"height":2560,"url":"https:\/\/www.vector.tn\/wp-content\/uploads\/2025\/07\/IMG_0851-Photoroom-1-scaled.jpg","type":"image\/jpeg"}],"twitter_card":"summary_large_image","twitter_misc":{"Dur\u00e9e de lecture estim\u00e9e":"1 minute"},"schema":{"@context":"https:\/\/schema.org","@graph":[{"@type":"WebPage","@id":"https:\/\/www.vector.tn\/index.php\/product\/polo-structure-verticale\/","url":"https:\/\/www.vector.tn\/index.php\/product\/polo-structure-verticale\/","name":"POLO STRUCTURE VERTICALE - Vector","isPartOf":{"@id":"https:\/\/www.vector.tn\/#website"},"primaryImageOfPage":{"@id":"https:\/\/www.vector.tn\/index.php\/product\/polo-structure-verticale\/#primaryimage"},"image":{"@id":"https:\/\/www.vector.tn\/index.php\/product\/polo-structure-verticale\/#primaryimage"},"thumbnailUrl":"https:\/\/www.vector.tn\/wp-content\/uploads\/2025\/07\/IMG_0851-Photoroom-1-scaled.jpg","datePublished":"2025-07-18T13:37:29+00:00","dateModified":"2025-12-23T00:00:56+00:00","breadcrumb":{"@id":"https:\/\/www.vector.tn\/index.php\/product\/polo-structure-verticale\/#breadcrumb"},"inLanguage":"fr-FR","potentialAction":[{"@type":"ReadAction","target":["https:\/\/www.vector.tn\/index.php\/product\/polo-structure-verticale\/"]}]},{"@type":"ImageObject","inLanguage":"fr-FR","@id":"https:\/\/www.vector.tn\/index.php\/product\/polo-structure-verticale\/#primaryimage","url":"https:\/\/www.vector.tn\/wp-content\/uploads\/2025\/07\/IMG_0851-Photoroom-1-scaled.jpg","contentUrl":"https:\/\/www.vector.tn\/wp-content\/uploads\/2025\/07\/IMG_0851-Photoroom-1-scaled.jpg","width":1707,"height":2560},{"@type":"BreadcrumbList","@id":"https:\/\/www.vector.tn\/index.php\/product\/polo-structure-verticale\/#breadcrumb","itemListElement":[{"@type":"ListItem","position":1,"name":"Accueil","item":"https:\/\/www.vector.tn\/"},{"@type":"ListItem","position":2,"name":"Boutique","item":"https:\/\/www.vector.tn\/index.php\/shop\/"},{"@type":"ListItem","position":3,"name":"POLO STRUCTURE VERTICALE"}]},{"@type":"WebSite","@id":"https:\/\/www.vector.tn\/#website","url":"https:\/\/www.vector.tn\/","name":"Vector","description":"VECTOR est une marque d\u00e9pos\u00e9e de pr\u00eat \u00e0 porter sp\u00e9cialis\u00e9 dans la vente des v\u00eatements pour hommes.","publisher":{"@id":"https:\/\/www.vector.tn\/#organization"},"potentialAction":[{"@type":"SearchAction","target":{"@type":"EntryPoint","urlTemplate":"https:\/\/www.vector.tn\/?s={search_term_string}"},"query-input":{"@type":"PropertyValueSpecification","valueRequired":true,"valueName":"search_term_string"}}],"inLanguage":"fr-FR"},{"@type":"Organization","@id":"https:\/\/www.vector.tn\/#organization","name":"Vector","url":"https:\/\/www.vector.tn\/","logo":{"@type":"ImageObject","inLanguage":"fr-FR","@id":"https:\/\/www.vector.tn\/#\/schema\/logo\/image\/","url":"https:\/\/www.vector.tn\/wp-content\/uploads\/2025\/07\/logo_vector.png","contentUrl":"https:\/\/www.vector.tn\/wp-content\/uploads\/2025\/07\/logo_vector.png","width":160,"height":48,"caption":"Vector"},"image":{"@id":"https:\/\/www.vector.tn\/#\/schema\/logo\/image\/"},"sameAs":["https:\/\/www.facebook.com\/VECTOR.Tunisie"]}]}},"_links":{"self":[{"href":"https:\/\/www.vector.tn\/index.php\/wp-json\/wp\/v2\/product\/2802","targetHints":{"allow":["GET"]}}],"collection":[{"href":"https:\/\/www.vector.tn\/index.php\/wp-json\/wp\/v2\/product"}],"about":[{"href":"https:\/\/www.vector.tn\/index.php\/wp-json\/wp\/v2\/types\/product"}],"wp:featuredmedia":[{"embeddable":true,"href":"https:\/\/www.vector.tn\/index.php\/wp-json\/wp\/v2\/media\/2816"}],"wp:attachment":[{"href":"https:\/\/www.vector.tn\/index.php\/wp-json\/wp\/v2\/media?parent=2802"}],"wp:term":[{"taxonomy":"product_brand","embeddable":true,"href":"https:\/\/www.vector.tn\/index.php\/wp-json\/wp\/v2\/product_brand?post=2802"},{"taxonomy":"product_cat","embeddable":true,"href":"https:\/\/www.vector.tn\/index.php\/wp-json\/wp\/v2\/product_cat?post=2802"},{"taxonomy":"product_tag","embeddable":true,"href":"https:\/\/www.vector.tn\/index.php\/wp-json\/wp\/v2\/product_tag?post=2802"}],"curies":[{"name":"wp","href":"https:\/\/api.w.org\/{rel}","templated":true}]}}